Last updated on 2019-01-19 00:46:28 CET.
Flavor | Version | Tinstall | Tcheck | Ttotal | Status | Flags |
---|---|---|---|---|---|---|
r-devel-linux-x86_64-debian-clang | 2.0.2 | 51.95 | 47.83 | 99.78 | OK | |
r-devel-linux-x86_64-debian-gcc | 2.0.2 | 44.91 | 36.40 | 81.31 | OK | |
r-devel-linux-x86_64-fedora-clang | 2.0.2 | 149.28 | NOTE | |||
r-devel-linux-x86_64-fedora-gcc | 2.0.2 | 132.61 | NOTE | |||
r-devel-windows-ix86+x86_64 | 2.0.2 | 130.00 | 100.00 | 230.00 | OK | |
r-patched-linux-x86_64 | 2.0.2 | 50.93 | 44.66 | 95.59 | OK | |
r-patched-solaris-x86 | 2.0.2 | 133.60 | OK | |||
r-release-linux-x86_64 | 2.0.2 | 55.78 | 44.44 | 100.22 | OK | |
r-release-windows-ix86+x86_64 | 2.0.2 | 130.00 | 107.00 | 237.00 | OK | |
r-release-osx-x86_64 | 2.0.2 | OK | ||||
r-oldrel-windows-ix86+x86_64 | 2.0.2 | 125.00 | 77.00 | 202.00 | OK | |
r-oldrel-osx-x86_64 | 2.0.2 | OK |
Version: 2.0.2
Check: compiled code
Result: NOTE
File ‘hsphase/libs/hsphase.so’:
Found no calls to: ‘R_registerRoutines’, ‘R_useDynamicSymbols’
It is good practice to register native routines and to disable symbol
search.
See ‘Writing portable packages’ in the ‘Writing R Extensions’ manual.
Flavors: r-devel-linux-x86_64-fedora-clang, r-devel-linux-x86_64-fedora-gcc