CRAN Package Check Results for Package hybridModels

Last updated on 2019-01-19 00:46:28 CET.

Flavor Version Tinstall Tcheck Ttotal Status Flags
r-devel-linux-x86_64-debian-clang 0.3.5 3.17 30.23 33.40 OK
r-devel-linux-x86_64-debian-gcc 0.3.5 2.67 23.07 25.74 OK
r-devel-linux-x86_64-fedora-clang 0.3.5 38.60 OK
r-devel-linux-x86_64-fedora-gcc 0.3.5 36.55 OK
r-devel-windows-ix86+x86_64 0.3.5 8.00 70.00 78.00 OK
r-patched-linux-x86_64 0.3.5 2.37 27.63 30.00 NOTE
r-patched-solaris-x86 0.3.5 70.00 OK
r-release-linux-x86_64 0.3.5 2.40 27.60 30.00 NOTE
r-release-windows-ix86+x86_64 0.3.5 6.00 64.00 70.00 OK
r-release-osx-x86_64 0.3.5 OK
r-oldrel-windows-ix86+x86_64 0.3.5 4.00 52.00 56.00 OK
r-oldrel-osx-x86_64 0.3.5 OK

Check Details

Version: 0.3.5
Check: DESCRIPTION meta-information
Result: NOTE
    Dependence on R version ‘3.3.1’ not with patchlevel 0
Flavors: r-patched-linux-x86_64, r-release-linux-x86_64