CRAN Package Check Results for Package hypergeo

Last updated on 2019-01-19 00:46:28 CET.

Flavor Version Tinstall Tcheck Ttotal Status Flags
r-devel-linux-x86_64-debian-clang 1.2-13 4.65 41.06 45.71 OK
r-devel-linux-x86_64-debian-gcc 1.2-13 3.26 32.18 35.44 OK
r-devel-linux-x86_64-fedora-clang 1.2-13 53.70 OK
r-devel-linux-x86_64-fedora-gcc 1.2-13 51.21 OK
r-devel-windows-ix86+x86_64 1.2-13 11.00 85.00 96.00 OK
r-patched-linux-x86_64 1.2-13 3.23 38.37 41.60 OK
r-patched-solaris-x86 1.2-13 80.50 OK
r-release-linux-x86_64 1.2-13 3.73 37.65 41.38 OK
r-release-windows-ix86+x86_64 1.2-13 8.00 75.00 83.00 OK
r-release-osx-x86_64 1.2-13 OK
r-oldrel-windows-ix86+x86_64 1.2-13 6.00 85.00 91.00 OK
r-oldrel-osx-x86_64 1.2-13 NOTE

Check Details

Version: 1.2-13
Check: re-building of vignette outputs
Result: NOTE
    Error in re-building vignettes:
     ...
    
    The following objects are masked from ‘package:stats’:
    
     sd, sigma
    
    The following object is masked from ‘package:base’:
    
     is.primitive
    
    Error in texi2dvi(file = file, pdf = TRUE, clean = clean, quiet = quiet, :
     Running 'texi2dvi' on 'hypergeometric.tex' failed.
    LaTeX errors:
    ! LaTeX Error: File `dsfont.sty' not found.
    
    Type X to quit or <RETURN> to proceed,
    or enter new name. (Default extension: sty)
    
    ! Emergency stop.
    <read *>
    
    l.4 \usepackage
     {bbm}^^M
    ! ==> Fatal error occurred, no output PDF file produced!
    Calls: buildVignettes -> texi2pdf -> texi2dvi
    Execution halted
Flavor: r-oldrel-osx-x86_64