CRAN Package Check Results for Package idealstan

Last updated on 2019-01-19 00:46:29 CET.

Flavor Version Tinstall Tcheck Ttotal Status Flags
r-devel-linux-x86_64-debian-clang 0.5.1 295.74 92.19 387.93 NOTE
r-devel-linux-x86_64-debian-gcc 0.5.1 268.45 78.27 346.72 NOTE
r-devel-linux-x86_64-fedora-clang 0.5.1 519.50 NOTE
r-devel-linux-x86_64-fedora-gcc 0.5.1 472.67 NOTE
r-devel-windows-ix86+x86_64 0.5.1 536.00 229.00 765.00 NOTE
r-patched-linux-x86_64 0.5.1 291.90 92.44 384.34 NOTE
r-patched-solaris-x86 0.5.1 495.10 NOTE
r-release-linux-x86_64 0.5.1 299.41 92.87 392.28 NOTE
r-release-windows-ix86+x86_64 0.5.1 554.00 229.00 783.00 NOTE
r-release-osx-x86_64 0.5.1 NOTE
r-oldrel-windows-ix86+x86_64 0.5.1 548.00 166.00 714.00 NOTE
r-oldrel-osx-x86_64 0.5.1 NOTE

Check Details

Version: 0.5.1
Check: line endings in C/C++/Fortran sources/headers
Result: NOTE
    Found the following sources/headers with CR or CRLF line endings:
     inst/include/meta_header.hpp
    Some Unix compilers require LF line endings.
Flavors: r-devel-linux-x86_64-debian-clang, r-devel-linux-x86_64-debian-gcc, r-devel-linux-x86_64-fedora-clang, r-devel-linux-x86_64-fedora-gcc, r-devel-windows-ix86+x86_64

Version: 0.5.1
Check: for GNU extensions in Makefiles
Result: NOTE
    GNU make is a SystemRequirements.
Flavors: r-devel-linux-x86_64-debian-clang, r-devel-linux-x86_64-debian-gcc, r-devel-linux-x86_64-fedora-clang, r-devel-linux-x86_64-fedora-gcc, r-devel-windows-ix86+x86_64, r-patched-linux-x86_64, r-patched-solaris-x86, r-release-linux-x86_64, r-release-windows-ix86+x86_64, r-release-osx-x86_64, r-oldrel-windows-ix86+x86_64, r-oldrel-osx-x86_64

Version: 0.5.1
Check: installed package size
Result: NOTE
     installed size is 52.3Mb
     sub-directories of 1Mb or more:
     libs 50.7Mb
Flavors: r-devel-linux-x86_64-fedora-clang, r-devel-windows-ix86+x86_64, r-release-windows-ix86+x86_64, r-release-osx-x86_64, r-oldrel-windows-ix86+x86_64, r-oldrel-osx-x86_64