Last updated on 2019-01-19 00:46:29 CET.
Flavor | Version | Tinstall | Tcheck | Ttotal | Status | Flags |
---|---|---|---|---|---|---|
r-devel-linux-x86_64-debian-clang | 1.1.0 | 1.92 | 37.20 | 39.12 | OK | |
r-devel-linux-x86_64-debian-gcc | 1.1.0 | 1.56 | 28.81 | 30.37 | OK | |
r-devel-linux-x86_64-fedora-clang | 1.1.0 | 47.85 | NOTE | |||
r-devel-linux-x86_64-fedora-gcc | 1.1.0 | 42.84 | NOTE | |||
r-devel-windows-ix86+x86_64 | 1.1.0 | 5.00 | 66.00 | 71.00 | OK | |
r-patched-linux-x86_64 | 1.1.0 | 2.06 | 34.70 | 36.76 | OK | |
r-patched-solaris-x86 | 1.1.0 | 67.30 | NOTE | |||
r-release-linux-x86_64 | 1.1.0 | 1.89 | 33.94 | 35.83 | OK | |
r-release-windows-ix86+x86_64 | 1.1.0 | 5.00 | 66.00 | 71.00 | OK | |
r-release-osx-x86_64 | 1.1.0 | NOTE | ||||
r-oldrel-windows-ix86+x86_64 | 1.1.0 | 5.00 | 59.00 | 64.00 | OK | |
r-oldrel-osx-x86_64 | 1.1.0 | NOTE |
Version: 1.1.0
Check: dependencies in R code
Result: NOTE
Namespaces in Imports field not imported from:
‘dplyr’ ‘rgeos’
All declared Imports should be used.
Flavors: r-devel-linux-x86_64-fedora-clang, r-devel-linux-x86_64-fedora-gcc, r-patched-solaris-x86, r-release-osx-x86_64, r-oldrel-osx-x86_64