Last updated on 2019-01-19 00:46:29 CET.
Flavor | Version | Tinstall | Tcheck | Ttotal | Status | Flags |
---|---|---|---|---|---|---|
r-devel-linux-x86_64-debian-clang | 0.7.2 | 61.56 | 79.16 | 140.72 | OK | |
r-devel-linux-x86_64-debian-gcc | 0.7.2 | 61.58 | 62.63 | 124.21 | OK | |
r-devel-linux-x86_64-fedora-clang | 0.7.2 | 196.09 | NOTE | |||
r-devel-linux-x86_64-fedora-gcc | 0.7.2 | 175.88 | OK | |||
r-devel-windows-ix86+x86_64 | 0.7.2 | 141.00 | 154.00 | 295.00 | OK | |
r-patched-linux-x86_64 | 0.7.2 | 72.75 | 73.38 | 146.13 | OK | |
r-patched-solaris-x86 | 0.7.2 | 163.20 | OK | |||
r-release-linux-x86_64 | 0.7.2 | 72.40 | 72.78 | 145.18 | OK | |
r-release-windows-ix86+x86_64 | 0.7.2 | 136.00 | 147.00 | 283.00 | OK | |
r-release-osx-x86_64 | 0.7.2 | NOTE | ||||
r-oldrel-windows-ix86+x86_64 | 0.7.2 | 137.00 | 125.00 | 262.00 | OK | |
r-oldrel-osx-x86_64 | 0.7.2 | NOTE |
Version: 0.7.2
Check: installed package size
Result: NOTE
installed size is 9.9Mb
sub-directories of 1Mb or more:
libs 8.6Mb
Flavors: r-devel-linux-x86_64-fedora-clang, r-release-osx-x86_64, r-oldrel-osx-x86_64