Last updated on 2019-01-19 00:46:30 CET.
Flavor | Version | Tinstall | Tcheck | Ttotal | Status | Flags |
---|---|---|---|---|---|---|
r-devel-linux-x86_64-debian-clang | 0.9.5.2 | 16.74 | 28.32 | 45.06 | OK | |
r-devel-linux-x86_64-debian-gcc | 0.9.5.2 | 15.42 | 22.40 | 37.82 | OK | |
r-devel-linux-x86_64-fedora-clang | 0.9.5.2 | 78.60 | OK | |||
r-devel-linux-x86_64-fedora-gcc | 0.9.5.2 | 60.13 | OK | |||
r-devel-windows-ix86+x86_64 | 0.9.5.2 | 52.00 | 58.00 | 110.00 | OK | |
r-patched-linux-x86_64 | 0.9.5.2 | 15.98 | 25.74 | 41.72 | OK | |
r-patched-solaris-x86 | 0.9.5.2 | 75.10 | NOTE | |||
r-release-linux-x86_64 | 0.9.5.2 | 15.79 | 25.89 | 41.68 | OK | |
r-release-windows-ix86+x86_64 | 0.9.5.2 | 45.00 | 62.00 | 107.00 | OK | |
r-release-osx-x86_64 | 0.9.5.2 | OK | ||||
r-oldrel-windows-ix86+x86_64 | 0.9.5.2 | 45.00 | 43.00 | 88.00 | OK | |
r-oldrel-osx-x86_64 | 0.9.5.2 | OK |
Version: 0.9.5.2
Check: package dependencies
Result: NOTE
Package suggested but not available for checking: ‘RProtoBuf’
Flavor: r-patched-solaris-x86