CRAN Package Check Results for Package kappalab

Last updated on 2019-01-19 00:46:30 CET.

Flavor Version Tinstall Tcheck Ttotal Status Flags
r-devel-linux-x86_64-debian-clang 0.4-7 12.31 91.31 103.62 OK
r-devel-linux-x86_64-debian-gcc 0.4-7 8.63 71.66 80.29 OK
r-devel-linux-x86_64-fedora-clang 0.4-7 122.94 NOTE
r-devel-linux-x86_64-fedora-gcc 0.4-7 113.90 NOTE
r-devel-windows-ix86+x86_64 0.4-7 28.00 158.00 186.00 OK
r-patched-linux-x86_64 0.4-7 9.37 86.39 95.76 OK
r-patched-solaris-x86 0.4-7 178.90 OK
r-release-linux-x86_64 0.4-7 10.02 84.52 94.54 OK
r-release-windows-ix86+x86_64 0.4-7 25.00 138.00 163.00 OK
r-release-osx-x86_64 0.4-7 OK
r-oldrel-windows-ix86+x86_64 0.4-7 21.00 201.00 222.00 OK
r-oldrel-osx-x86_64 0.4-7 OK

Check Details

Version: 0.4-7
Check: compiled code
Result: NOTE
    File ‘kappalab/libs/kappalab.so’:
     Found no calls to: ‘R_registerRoutines’, ‘R_useDynamicSymbols’
    
    It is good practice to register native routines and to disable symbol
    search.
    
    See ‘Writing portable packages’ in the ‘Writing R Extensions’ manual.
Flavors: r-devel-linux-x86_64-fedora-clang, r-devel-linux-x86_64-fedora-gcc