CRAN Package Check Results for Package kissmig

Last updated on 2019-01-19 00:46:30 CET.

Flavor Version Tinstall Tcheck Ttotal Status Flags
r-devel-linux-x86_64-debian-clang 1.0-3 4.98 60.39 65.37 NOTE
r-devel-linux-x86_64-debian-gcc 1.0-3 4.25 47.80 52.05 NOTE
r-devel-linux-x86_64-fedora-clang 1.0-3 77.34 NOTE
r-devel-linux-x86_64-fedora-gcc 1.0-3 72.03 NOTE
r-devel-windows-ix86+x86_64 1.0-3 15.00 113.00 128.00 NOTE
r-patched-linux-x86_64 1.0-3 5.35 59.09 64.44 NOTE
r-patched-solaris-x86 1.0-3 116.90 NOTE
r-release-linux-x86_64 1.0-3 4.55 57.26 61.81 NOTE
r-release-windows-ix86+x86_64 1.0-3 13.00 111.00 124.00 NOTE
r-release-osx-x86_64 1.0-3 NOTE
r-oldrel-windows-ix86+x86_64 1.0-3 16.00 84.00 100.00 NOTE
r-oldrel-osx-x86_64 1.0-3 NOTE

Check Details

Version: 1.0-3
Check: R code for possible problems
Result: NOTE
    kissmigDummyS: no visible global function definition for ‘dnorm’
    Undefined global functions or variables:
     dnorm
    Consider adding
     importFrom("stats", "dnorm")
    to your NAMESPACE file.
Flavors: r-devel-linux-x86_64-debian-clang, r-devel-linux-x86_64-debian-gcc, r-devel-linux-x86_64-fedora-clang, r-devel-linux-x86_64-fedora-gcc, r-devel-windows-ix86+x86_64, r-patched-linux-x86_64, r-patched-solaris-x86, r-release-linux-x86_64, r-release-windows-ix86+x86_64, r-release-osx-x86_64, r-oldrel-windows-ix86+x86_64, r-oldrel-osx-x86_64

Version: 1.0-3
Check: compiled code
Result: NOTE
    File ‘kissmig/libs/kissmig.so’:
     Found no calls to: ‘R_registerRoutines’, ‘R_useDynamicSymbols’
    
    It is good practice to register native routines and to disable symbol
    search.
    
    See ‘Writing portable packages’ in the ‘Writing R Extensions’ manual.
Flavors: r-devel-linux-x86_64-fedora-clang, r-devel-linux-x86_64-fedora-gcc