Last updated on 2019-01-19 00:46:30 CET.
Flavor | Version | Tinstall | Tcheck | Ttotal | Status | Flags |
---|---|---|---|---|---|---|
r-devel-linux-x86_64-debian-clang | 0.0-6 | 38.45 | 27.28 | 65.73 | NOTE | |
r-devel-linux-x86_64-debian-gcc | 0.0-6 | 33.71 | 19.84 | 53.55 | NOTE | |
r-devel-linux-x86_64-fedora-clang | 0.0-6 | 100.61 | NOTE | |||
r-devel-linux-x86_64-fedora-gcc | 0.0-6 | 78.50 | NOTE | |||
r-devel-windows-ix86+x86_64 | 0.0-6 | 111.00 | 72.00 | 183.00 | NOTE | |
r-patched-linux-x86_64 | 0.0-6 | 38.97 | 23.21 | 62.18 | NOTE | |
r-patched-solaris-x86 | 0.0-6 | 84.60 | NOTE | |||
r-release-linux-x86_64 | 0.0-6 | 39.07 | 23.01 | 62.08 | NOTE | |
r-release-windows-ix86+x86_64 | 0.0-6 | 109.00 | 81.00 | 190.00 | NOTE | |
r-release-osx-x86_64 | 0.0-6 | NOTE | ||||
r-oldrel-windows-ix86+x86_64 | 0.0-6 | 120.00 | 49.00 | 169.00 | NOTE | |
r-oldrel-osx-x86_64 | 0.0-6 | NOTE |
Version: 0.0-6
Check: for GNU extensions in Makefiles
Result: NOTE
GNU make is a SystemRequirements.
Flavors: r-devel-linux-x86_64-debian-clang, r-devel-linux-x86_64-debian-gcc, r-devel-linux-x86_64-fedora-clang, r-devel-linux-x86_64-fedora-gcc, r-devel-windows-ix86+x86_64, r-patched-linux-x86_64, r-patched-solaris-x86, r-release-linux-x86_64, r-release-windows-ix86+x86_64, r-release-osx-x86_64, r-oldrel-windows-ix86+x86_64, r-oldrel-osx-x86_64