Last updated on 2019-01-19 00:46:30 CET.
Flavor | Version | Tinstall | Tcheck | Ttotal | Status | Flags |
---|---|---|---|---|---|---|
r-devel-linux-x86_64-debian-clang | 1.45 | 4.65 | 66.50 | 71.15 | OK | |
r-devel-linux-x86_64-debian-gcc | 1.45 | 5.16 | 50.52 | 55.68 | OK | |
r-devel-linux-x86_64-fedora-clang | 1.45 | 86.90 | NOTE | |||
r-devel-linux-x86_64-fedora-gcc | 1.45 | 80.68 | NOTE | |||
r-devel-windows-ix86+x86_64 | 1.45 | 13.00 | 109.00 | 122.00 | OK | |
r-patched-linux-x86_64 | 1.45 | 6.12 | 63.73 | 69.85 | OK | |
r-patched-solaris-x86 | 1.45 | 120.70 | NOTE | |||
r-release-linux-x86_64 | 1.45 | 6.07 | 63.50 | 69.57 | OK | |
r-release-windows-ix86+x86_64 | 1.45 | 12.00 | 102.00 | 114.00 | OK | |
r-release-osx-x86_64 | 1.45 | NOTE | ||||
r-oldrel-windows-ix86+x86_64 | 1.45 | 10.00 | 111.00 | 121.00 | OK | |
r-oldrel-osx-x86_64 | 1.45 | NOTE |
Version: 1.45
Check: dependencies in R code
Result: NOTE
Namespace in Imports field not imported from: ‘RUnit’
All declared Imports should be used.
Flavors: r-devel-linux-x86_64-fedora-clang, r-devel-linux-x86_64-fedora-gcc, r-patched-solaris-x86, r-release-osx-x86_64, r-oldrel-osx-x86_64