Last updated on 2019-01-19 00:46:30 CET.
Flavor | Version | Tinstall | Tcheck | Ttotal | Status | Flags |
---|---|---|---|---|---|---|
r-devel-linux-x86_64-debian-clang | 2.0.2 | 4.06 | 51.02 | 55.08 | OK | |
r-devel-linux-x86_64-debian-gcc | 2.0.2 | 4.24 | 39.67 | 43.91 | OK | |
r-devel-linux-x86_64-fedora-clang | 2.0.2 | 67.16 | OK | |||
r-devel-linux-x86_64-fedora-gcc | 2.0.2 | 60.64 | OK | |||
r-devel-windows-ix86+x86_64 | 2.0.2 | 12.00 | 112.00 | 124.00 | OK | |
r-patched-linux-x86_64 | 2.0.2 | 4.86 | 47.91 | 52.77 | OK | |
r-patched-solaris-x86 | 2.0.2 | 98.10 | NOTE | |||
r-release-linux-x86_64 | 2.0.2 | 5.16 | 48.45 | 53.61 | OK | |
r-release-windows-ix86+x86_64 | 2.0.2 | 17.00 | 92.00 | 109.00 | OK | |
r-release-osx-x86_64 | 2.0.2 | OK | ||||
r-oldrel-windows-ix86+x86_64 | 2.0.2 | 16.00 | 67.00 | 83.00 | OK | |
r-oldrel-osx-x86_64 | 2.0.2 | OK |
Version: 2.0.2
Check: installed package size
Result: NOTE
installed size is 5.4Mb
sub-directories of 1Mb or more:
htmlwidgets 3.9Mb
Flavor: r-patched-solaris-x86