CRAN Package Check Results for Package log4r

Last updated on 2019-01-19 00:46:31 CET.

Flavor Version Tinstall Tcheck Ttotal Status Flags
r-devel-linux-x86_64-debian-clang 0.2 1.05 18.90 19.95 NOTE
r-devel-linux-x86_64-debian-gcc 0.2 0.87 15.10 15.97 NOTE
r-devel-linux-x86_64-fedora-clang 0.2 23.54 NOTE
r-devel-linux-x86_64-fedora-gcc 0.2 22.24 NOTE
r-devel-windows-ix86+x86_64 0.2 6.00 42.00 48.00 NOTE
r-patched-linux-x86_64 0.2 0.95 17.18 18.13 NOTE
r-patched-solaris-x86 0.2 36.80 NOTE
r-release-linux-x86_64 0.2 0.67 17.40 18.07 NOTE
r-release-windows-ix86+x86_64 0.2 3.00 43.00 46.00 NOTE
r-release-osx-x86_64 0.2 NOTE
r-oldrel-windows-ix86+x86_64 0.2 3.00 30.00 33.00 NOTE
r-oldrel-osx-x86_64 0.2 NOTE

Check Details

Version: 0.2
Check: DESCRIPTION meta-information
Result: NOTE
    Malformed Title field: should not end in a period.
Flavors: r-devel-linux-x86_64-debian-clang, r-devel-linux-x86_64-debian-gcc, r-devel-linux-x86_64-fedora-clang, r-devel-linux-x86_64-fedora-gcc, r-devel-windows-ix86+x86_64, r-patched-linux-x86_64, r-patched-solaris-x86, r-release-linux-x86_64, r-release-windows-ix86+x86_64, r-release-osx-x86_64, r-oldrel-windows-ix86+x86_64, r-oldrel-osx-x86_64

Version: 0.2
Check: R code for possible problems
Result: NOTE
    available.loglevels: no visible global function definition for
     ‘setNames’
    Undefined global functions or variables:
     setNames
    Consider adding
     importFrom("stats", "setNames")
    to your NAMESPACE file.
Flavors: r-devel-linux-x86_64-debian-clang, r-devel-linux-x86_64-debian-gcc, r-devel-linux-x86_64-fedora-clang, r-devel-linux-x86_64-fedora-gcc, r-devel-windows-ix86+x86_64, r-patched-linux-x86_64, r-patched-solaris-x86, r-release-linux-x86_64, r-release-windows-ix86+x86_64, r-release-osx-x86_64, r-oldrel-windows-ix86+x86_64, r-oldrel-osx-x86_64