CRAN Package Check Results for Package lpSolveAPI

Last updated on 2019-01-19 00:46:31 CET.

Flavor Version Tinstall Tcheck Ttotal Status Flags
r-devel-linux-x86_64-debian-clang 5.5.2.0-17 31.13 27.53 58.66 NOTE
r-devel-linux-x86_64-debian-gcc 5.5.2.0-17 23.65 22.34 45.99 NOTE
r-devel-linux-x86_64-fedora-clang 5.5.2.0-17 74.33 NOTE
r-devel-linux-x86_64-fedora-gcc 5.5.2.0-17 69.61 NOTE
r-devel-windows-ix86+x86_64 5.5.2.0-17 116.00 56.00 172.00 NOTE
r-patched-linux-x86_64 5.5.2.0-17 27.67 25.64 53.31 OK
r-patched-solaris-x86 5.5.2.0-17 105.50 OK
r-release-linux-x86_64 5.5.2.0-17 28.02 25.77 53.79 OK
r-release-windows-ix86+x86_64 5.5.2.0-17 109.00 53.00 162.00 OK
r-release-osx-x86_64 5.5.2.0-17 OK
r-oldrel-windows-ix86+x86_64 5.5.2.0-17 115.00 73.00 188.00 OK
r-oldrel-osx-x86_64 5.5.2.0-17 OK

Additional issues

valgrind

Check Details

Version: 5.5.2.0-17
Check: line endings in C/C++/Fortran sources/headers
Result: NOTE
    Found the following sources/headers with CR or CRLF line endings:
     inst/include/lp_bit.h
    Some Unix compilers require LF line endings.
Flavors: r-devel-linux-x86_64-debian-clang, r-devel-linux-x86_64-debian-gcc, r-devel-linux-x86_64-fedora-clang, r-devel-linux-x86_64-fedora-gcc, r-devel-windows-ix86+x86_64

Version: 5.5.2.0-17
Check: compiled code
Result: NOTE
    File ‘lpSolveAPI/libs/lpSolveAPI.so’:
     Found no call to: ‘R_useDynamicSymbols’
    
    It is good practice to register native routines and to disable symbol
    search.
    
    See ‘Writing portable packages’ in the ‘Writing R Extensions’ manual.
Flavors: r-devel-linux-x86_64-fedora-clang, r-devel-linux-x86_64-fedora-gcc