Last updated on 2019-01-19 00:46:31 CET.
Flavor | Version | Tinstall | Tcheck | Ttotal | Status | Flags |
---|---|---|---|---|---|---|
r-devel-linux-x86_64-debian-clang | 0.1-5 | 74.86 | 45.29 | 120.15 | OK | |
r-devel-linux-x86_64-debian-gcc | 0.1-5 | 60.89 | 39.19 | 100.08 | OK | |
r-devel-linux-x86_64-fedora-clang | 0.1-5 | 168.04 | OK | |||
r-devel-linux-x86_64-fedora-gcc | 0.1-5 | 148.94 | OK | |||
r-devel-windows-ix86+x86_64 | 0.1-5 | 330.00 | 149.00 | 479.00 | NOTE | |
r-patched-linux-x86_64 | 0.1-5 | 80.59 | 42.45 | 123.04 | OK | |
r-patched-solaris-x86 | 0.1-5 | 178.20 | OK | |||
r-release-linux-x86_64 | 0.1-5 | 73.72 | 42.00 | 115.72 | OK | |
r-release-windows-ix86+x86_64 | 0.1-5 | 345.00 | 147.00 | 492.00 | NOTE | |
r-release-osx-x86_64 | 0.1-5 | NOTE | ||||
r-oldrel-windows-ix86+x86_64 | 0.1-5 | 350.00 | 113.00 | 463.00 | NOTE | |
r-oldrel-osx-x86_64 | 0.1-5 | NOTE |
Version: 0.1-5
Check: installed package size
Result: NOTE
installed size is 10.4Mb
sub-directories of 1Mb or more:
libs 5.3Mb
proj 5.0Mb
Flavors: r-devel-windows-ix86+x86_64, r-release-windows-ix86+x86_64, r-release-osx-x86_64, r-oldrel-windows-ix86+x86_64, r-oldrel-osx-x86_64