Last updated on 2019-01-19 00:46:32 CET.
Flavor | Version | Tinstall | Tcheck | Ttotal | Status | Flags |
---|---|---|---|---|---|---|
r-devel-linux-x86_64-debian-clang | 1.0 | 2.76 | 23.08 | 25.84 | OK | |
r-devel-linux-x86_64-debian-gcc | 1.0 | 2.17 | 18.55 | 20.72 | OK | |
r-devel-linux-x86_64-fedora-clang | 1.0 | 31.79 | NOTE | |||
r-devel-linux-x86_64-fedora-gcc | 1.0 | 29.71 | NOTE | |||
r-devel-windows-ix86+x86_64 | 1.0 | 11.00 | 51.00 | 62.00 | OK | |
r-patched-linux-x86_64 | 1.0 | 2.60 | 21.59 | 24.19 | OK | |
r-patched-solaris-x86 | 1.0 | 47.00 | OK | |||
r-release-linux-x86_64 | 1.0 | 2.39 | 21.39 | 23.78 | OK | |
r-release-windows-ix86+x86_64 | 1.0 | 9.00 | 46.00 | 55.00 | OK | |
r-release-osx-x86_64 | 1.0 | OK | ||||
r-oldrel-windows-ix86+x86_64 | 1.0 | 8.00 | 59.00 | 67.00 | OK | |
r-oldrel-osx-x86_64 | 1.0 | NOTE |
Version: 1.0
Check: compiled code
Result: NOTE
File ‘magree/libs/magree.so’:
Found no calls to: ‘R_registerRoutines’, ‘R_useDynamicSymbols’
It is good practice to register native routines and to disable symbol
search.
See ‘Writing portable packages’ in the ‘Writing R Extensions’ manual.
Flavors: r-devel-linux-x86_64-fedora-clang, r-devel-linux-x86_64-fedora-gcc
Version: 1.0
Check: re-building of vignette outputs
Result: NOTE
Error in re-building vignettes:
...
Loading required package: magree
Error in texi2dvi(file = file, pdf = TRUE, clean = clean, quiet = quiet, :
Running 'texi2dvi' on 'landis.tex' failed.
LaTeX errors:
! LaTeX Error: File `enumitem.sty' not found.
Type X to quit or <RETURN> to proceed,
or enter new name. (Default extension: sty)
! Emergency stop.
<read *>
l.9 \usepackage
[utf8]{inputenc}^^M
! ==> Fatal error occurred, no output PDF file produced!
Calls: buildVignettes -> texi2pdf -> texi2dvi
Execution halted
Flavor: r-oldrel-osx-x86_64