Last updated on 2019-01-19 00:46:32 CET.
Flavor | Version | Tinstall | Tcheck | Ttotal | Status | Flags |
---|---|---|---|---|---|---|
r-devel-linux-x86_64-debian-clang | 3.3.0 | 7.93 | 32.45 | 40.38 | OK | |
r-devel-linux-x86_64-debian-gcc | 3.3.0 | 5.70 | 25.79 | 31.49 | OK | |
r-devel-linux-x86_64-fedora-clang | 3.3.0 | 47.58 | OK | |||
r-devel-linux-x86_64-fedora-gcc | 3.3.0 | 44.44 | OK | |||
r-devel-windows-ix86+x86_64 | 3.3.0 | 77.00 | 75.00 | 152.00 | OK | |
r-patched-linux-x86_64 | 3.3.0 | 5.76 | 29.96 | 35.72 | OK | |
r-patched-solaris-x86 | 3.3.0 | 73.70 | NOTE | |||
r-release-linux-x86_64 | 3.3.0 | 6.20 | 29.84 | 36.04 | OK | |
r-release-windows-ix86+x86_64 | 3.3.0 | 51.00 | 82.00 | 133.00 | OK | |
r-release-osx-x86_64 | 3.3.0 | OK | ||||
r-oldrel-windows-ix86+x86_64 | 3.3.0 | 54.00 | 60.00 | 114.00 | OK | |
r-oldrel-osx-x86_64 | 3.3.0 | OK |
Version: 3.3.0
Check: installed package size
Result: NOTE
installed size is 5.3Mb
sub-directories of 1Mb or more:
mapdata 4.2Mb
Flavor: r-patched-solaris-x86