CRAN Package Check Results for Package markmyassignment

Last updated on 2019-01-19 00:46:32 CET.

Flavor Version Tinstall Tcheck Ttotal Status Flags
r-devel-linux-x86_64-debian-clang 0.8.1 2.04 41.76 43.80 OK
r-devel-linux-x86_64-debian-gcc 0.8.1 1.88 32.70 34.58 OK
r-devel-linux-x86_64-fedora-clang 0.8.1 51.86 NOTE
r-devel-linux-x86_64-fedora-gcc 0.8.1 49.94 NOTE
r-devel-windows-ix86+x86_64 0.8.1 9.00 112.00 121.00 ERROR
r-patched-linux-x86_64 0.8.1 2.55 38.00 40.55 OK
r-patched-solaris-x86 0.8.1 70.20 NOTE
r-release-linux-x86_64 0.8.1 1.83 37.62 39.45 OK
r-release-windows-ix86+x86_64 0.8.1 6.00 115.00 121.00 OK
r-release-osx-x86_64 0.8.1 NOTE
r-oldrel-windows-ix86+x86_64 0.8.1 6.00 115.00 121.00 OK
r-oldrel-osx-x86_64 0.8.1 NOTE

Check Details

Version: 0.8.1
Check: dependencies in R code
Result: NOTE
    Namespace in Imports field not imported from: ‘lazyeval’
     All declared Imports should be used.
Flavors: r-devel-linux-x86_64-fedora-clang, r-devel-linux-x86_64-fedora-gcc, r-patched-solaris-x86, r-release-osx-x86_64, r-oldrel-osx-x86_64

Version: 0.8.1
Check: examples
Result: ERROR
    Running examples in 'markmyassignment-Ex.R' failed
    The error most likely occurred in:
    
    > ### Name: mark_my_file
    > ### Title: Mark assignment file
    > ### Aliases: mark_my_file
    >
    > ### ** Examples
    >
    > assignment_path <-
    + paste0(system.file(package = "markmyassignment"), "/extdata/example_assignment01.yml")
    > file_path <- paste0(system.file(package = "markmyassignment"), "/extdata/example_lab_file.R")
    > mark_my_file(mark_file = file_path, assignment_path = assignment_path)
    v | OK F W S | Context
    
    / | 0 | task1
    - | 1 | task1
    \ | 2 | task1
    | | 3 | task1
    v | 3 | task1
    
    / | 0 | task2a
    - | 1 | task2a
    \ | 2 | task2a
    | | 3 | task2a
    v | 3 | task2a
    
    / | 0 | task2b
    - | 1 | task2b
    \ | 2 | task2b
    | | 3 | task2b
    / | 4 | task2b
    v | 4 | task2b
    
    / | 0 | Mandatory tests
    - | 1 | Mandatory tests
    v | 1 | Mandatory tests
    
    == Results =====================================================================
    Duration: 0.1 s
    
    OK: 11
    Failed: 0
    Warnings: 0
    Skipped: 0
    Good work!>
    >
    >
    >
    > cleanEx()
    Error: connections left open:
     lines (textConnection)
    Execution halted
Flavor: r-devel-windows-ix86+x86_64