Last updated on 2019-01-19 00:46:32 CET.
Flavor | Version | Tinstall | Tcheck | Ttotal | Status | Flags |
---|---|---|---|---|---|---|
r-devel-linux-x86_64-debian-clang | 2.0.8 | 9.36 | 63.45 | 72.81 | NOTE | |
r-devel-linux-x86_64-debian-gcc | 2.0.8 | 10.11 | 50.77 | 60.88 | NOTE | |
r-devel-linux-x86_64-fedora-clang | 2.0.8 | 89.05 | OK | |||
r-devel-linux-x86_64-fedora-gcc | 2.0.8 | 82.76 | OK | |||
r-devel-windows-ix86+x86_64 | 2.0.8 | 21.00 | 95.00 | 116.00 | OK | |
r-patched-linux-x86_64 | 2.0.8 | 7.30 | 60.29 | 67.59 | NOTE | |
r-patched-solaris-x86 | 2.0.8 | 116.80 | NOTE | |||
r-release-linux-x86_64 | 2.0.8 | 11.30 | 59.08 | 70.38 | NOTE | |
r-release-windows-ix86+x86_64 | 2.0.8 | 20.00 | 94.00 | 114.00 | OK | |
r-release-osx-x86_64 | 2.0.8 | NOTE | ||||
r-oldrel-windows-ix86+x86_64 | 2.0.8 | 11.00 | 68.00 | 79.00 | OK | |
r-oldrel-osx-x86_64 | 2.0.8 | NOTE |
Version: 2.0.8
Check: package dependencies
Result: NOTE
Package suggested but not available for checking: ‘INLA’
Flavors: r-devel-linux-x86_64-debian-clang, r-devel-linux-x86_64-debian-gcc, r-patched-linux-x86_64, r-patched-solaris-x86, r-release-linux-x86_64, r-release-osx-x86_64, r-oldrel-osx-x86_64