Last updated on 2019-01-19 00:46:33 CET.
Flavor | Version | Tinstall | Tcheck | Ttotal | Status | Flags |
---|---|---|---|---|---|---|
r-devel-linux-x86_64-debian-clang | 0.4.0 | 83.61 | 50.53 | 134.14 | OK | |
r-devel-linux-x86_64-debian-gcc | 0.4.0 | 73.52 | 39.16 | 112.68 | OK | |
r-devel-linux-x86_64-fedora-clang | 0.4.0 | 193.30 | NOTE | |||
r-devel-linux-x86_64-fedora-gcc | 0.4.0 | 177.07 | OK | |||
r-devel-windows-ix86+x86_64 | 0.4.0 | 217.00 | 130.00 | 347.00 | OK | |
r-patched-linux-x86_64 | 0.4.0 | 86.18 | 46.02 | 132.20 | OK | |
r-patched-solaris-x86 | 0.4.0 | 183.00 | OK | |||
r-release-linux-x86_64 | 0.4.0 | 92.33 | 45.93 | 138.26 | OK | |
r-release-windows-ix86+x86_64 | 0.4.0 | 220.00 | 115.00 | 335.00 | OK | |
r-release-osx-x86_64 | 0.4.0 | NOTE | ||||
r-oldrel-windows-ix86+x86_64 | 0.4.0 | 227.00 | 87.00 | 314.00 | OK |
Version: 0.4.0
Check: installed package size
Result: NOTE
installed size is 5.5Mb
sub-directories of 1Mb or more:
libs 5.1Mb
Flavors: r-devel-linux-x86_64-fedora-clang, r-release-osx-x86_64