Last updated on 2019-01-19 00:46:33 CET.
Flavor | Version | Tinstall | Tcheck | Ttotal | Status | Flags |
---|---|---|---|---|---|---|
r-devel-linux-x86_64-debian-clang | 0.9.1 | 1.75 | 212.46 | 214.21 | OK | |
r-devel-linux-x86_64-debian-gcc | 0.9.1 | 1.16 | 141.63 | 142.79 | OK | |
r-devel-linux-x86_64-fedora-clang | 0.9.1 | 127.68 | OK | |||
r-devel-linux-x86_64-fedora-gcc | 0.9.1 | 116.18 | OK | |||
r-devel-windows-ix86+x86_64 | 0.9.1 | 8.00 | 343.00 | 351.00 | OK | |
r-patched-linux-x86_64 | 0.9.1 | 1.50 | 194.50 | 196.00 | OK | |
r-patched-solaris-x86 | 0.9.1 | 299.10 | OK | |||
r-release-linux-x86_64 | 0.9.1 | 1.27 | 196.19 | 197.46 | OK | |
r-release-windows-ix86+x86_64 | 0.9.1 | 3.00 | 221.00 | 224.00 | OK | |
r-release-osx-x86_64 | 0.9.1 | OK | ||||
r-oldrel-windows-ix86+x86_64 | 0.9.1 | 6.00 | 294.00 | 300.00 | OK | |
r-oldrel-osx-x86_64 | 0.9.0 | NOTE |
Version: 0.9.0
Check: dependencies in R code
Result: NOTE
Namespace in Imports field not imported from: ‘magrittr’
All declared Imports should be used.
Flavor: r-oldrel-osx-x86_64