CRAN Package Check Results for Package mixKernel

Last updated on 2019-01-19 00:46:33 CET.

Flavor Version Tinstall Tcheck Ttotal Status Flags
r-devel-linux-x86_64-debian-clang 0.3 0.51 1.95 2.46 ERROR
r-devel-linux-x86_64-debian-gcc 0.3 12.83 149.48 162.31 OK
r-devel-linux-x86_64-fedora-clang 0.3 254.00 OK
r-devel-linux-x86_64-fedora-gcc 0.3 229.31 OK
r-devel-windows-ix86+x86_64 0.3 40.00 282.00 322.00 OK
r-patched-linux-x86_64 0.3 13.54 177.84 191.38 OK
r-patched-solaris-x86 0.3 374.70 OK
r-release-linux-x86_64 0.3 15.84 177.12 192.96 OK
r-release-windows-ix86+x86_64 0.3 42.00 265.00 307.00 OK
r-release-osx-x86_64 0.3 OK
r-oldrel-windows-ix86+x86_64 0.3 40.00 176.00 216.00 OK
r-oldrel-osx-x86_64 0.3 OK

Check Details

Version: 0.3
Check: package dependencies
Result: ERROR
    Package required but not available: ‘phyloseq’
    
    See section ‘The DESCRIPTION file’ in the ‘Writing R Extensions’
    manual.
Flavor: r-devel-linux-x86_64-debian-clang