CRAN Package Check Results for Package mknapsack

Last updated on 2019-01-19 00:46:33 CET.

Flavor Version Tinstall Tcheck Ttotal Status Flags
r-devel-linux-x86_64-debian-clang 0.1.0 1.40 28.19 29.59 OK
r-devel-linux-x86_64-debian-gcc 0.1.0 1.03 22.45 23.48 OK
r-devel-linux-x86_64-fedora-clang 0.1.0 32.15 OK
r-devel-linux-x86_64-fedora-gcc 0.1.0 30.51 OK
r-devel-windows-ix86+x86_64 0.1.0 5.00 55.00 60.00 OK
r-patched-linux-x86_64 0.1.0 1.18 25.41 26.59 OK
r-patched-solaris-x86 0.1.0 48.20 OK
r-release-linux-x86_64 0.1.0 1.17 25.65 26.82 OK
r-release-windows-ix86+x86_64 0.1.0 5.00 53.00 58.00 OK
r-release-osx-x86_64 0.1.0 NOTE
r-oldrel-windows-ix86+x86_64 0.1.0 5.00 39.00 44.00 OK
r-oldrel-osx-x86_64 0.1.0 NOTE

Check Details

Version: 0.1.0
Check: package dependencies
Result: NOTE
    Packages suggested but not available for checking:
     ‘Rglpk’ ‘ROI.plugin.glpk’
Flavors: r-release-osx-x86_64, r-oldrel-osx-x86_64