Last updated on 2019-01-19 00:46:33 CET.
Flavor | Version | Tinstall | Tcheck | Ttotal | Status | Flags |
---|---|---|---|---|---|---|
r-devel-linux-x86_64-debian-clang | 1.1 | 1.10 | 17.17 | 18.27 | NOTE | |
r-devel-linux-x86_64-debian-gcc | 1.1 | 0.88 | 14.39 | 15.27 | NOTE | |
r-devel-linux-x86_64-fedora-clang | 1.1 | 21.40 | NOTE | |||
r-devel-linux-x86_64-fedora-gcc | 1.1 | 20.08 | NOTE | |||
r-devel-windows-ix86+x86_64 | 1.1 | 3.00 | 27.00 | 30.00 | NOTE | |
r-patched-linux-x86_64 | 1.1 | 1.03 | 16.07 | 17.10 | NOTE | |
r-patched-solaris-x86 | 1.1 | 32.70 | NOTE | |||
r-release-linux-x86_64 | 1.1 | 0.90 | 15.98 | 16.88 | NOTE | |
r-release-windows-ix86+x86_64 | 1.1 | 2.00 | 25.00 | 27.00 | NOTE | |
r-release-osx-x86_64 | 1.1 | NOTE | ||||
r-oldrel-windows-ix86+x86_64 | 1.1 | 2.00 | 34.00 | 36.00 | NOTE | |
r-oldrel-osx-x86_64 | 1.1 | NOTE |
Version: 1.1
Check: R code for possible problems
Result: NOTE
mkssd: no visible global function definition for ‘txtProgressBar’
mkssd: no visible global function definition for ‘setTxtProgressBar’
Undefined global functions or variables:
setTxtProgressBar txtProgressBar
Consider adding
importFrom("utils", "setTxtProgressBar", "txtProgressBar")
to your NAMESPACE file.
Flavors: r-devel-linux-x86_64-debian-clang, r-devel-linux-x86_64-debian-gcc, r-devel-linux-x86_64-fedora-clang, r-devel-linux-x86_64-fedora-gcc, r-devel-windows-ix86+x86_64, r-patched-linux-x86_64, r-patched-solaris-x86, r-release-linux-x86_64, r-release-windows-ix86+x86_64, r-release-osx-x86_64, r-oldrel-windows-ix86+x86_64, r-oldrel-osx-x86_64