CRAN Package Check Results for Package mlr

Last updated on 2019-01-19 00:46:33 CET.

Flavor Version Tinstall Tcheck Ttotal Status Flags
r-devel-linux-x86_64-debian-clang 2.13 33.26 245.24 278.50 NOTE
r-devel-linux-x86_64-debian-gcc 2.13 24.78 183.95 208.73 NOTE
r-devel-linux-x86_64-fedora-clang 2.13 321.39 NOTE
r-devel-linux-x86_64-fedora-gcc 2.13 297.23 NOTE
r-devel-windows-ix86+x86_64 2.13 67.00 411.00 478.00 OK
r-patched-linux-x86_64 2.13 24.37 219.61 243.98 NOTE
r-patched-solaris-x86 2.13 395.70 NOTE
r-release-linux-x86_64 2.13 31.38 217.10 248.48 NOTE
r-release-windows-ix86+x86_64 2.13 60.00 411.00 471.00 OK
r-release-osx-x86_64 2.13 OK
r-oldrel-windows-ix86+x86_64 2.13 65.00 416.00 481.00 OK
r-oldrel-osx-x86_64 2.13 OK

Check Details

Version: 2.13
Check: package dependencies
Result: NOTE
    Package suggested but not available for checking: ‘mRMRe’
Flavors: r-devel-linux-x86_64-debian-clang, r-devel-linux-x86_64-debian-gcc, r-devel-linux-x86_64-fedora-clang, r-devel-linux-x86_64-fedora-gcc, r-patched-linux-x86_64, r-release-linux-x86_64

Version: 2.13
Check: package dependencies
Result: NOTE
    Packages suggested but not available for checking:
     ‘FSelector’ ‘mRMRe’ ‘RWeka’
Flavor: r-patched-solaris-x86

Version: 2.13
Check: installed package size
Result: NOTE
     installed size is 5.1Mb
     sub-directories of 1Mb or more:
     R 1.5Mb
     data 2.4Mb
Flavor: r-patched-solaris-x86