CRAN Package Check Results for Package mrMLM.GUI

Last updated on 2019-01-19 00:46:34 CET.

Flavor Version Tinstall Tcheck Ttotal Status Flags
r-devel-linux-x86_64-debian-clang 3.2 17.42 133.57 150.99 OK
r-devel-linux-x86_64-debian-gcc 3.2 17.21 102.64 119.85 OK
r-devel-linux-x86_64-fedora-clang 3.2 172.67 OK
r-devel-linux-x86_64-fedora-gcc 3.2 164.73 OK
r-devel-windows-ix86+x86_64 3.2 38.00 153.00 191.00 OK
r-patched-linux-x86_64 3.2 17.57 123.20 140.77 OK
r-patched-solaris-x86 3.2 247.20 NOTE
r-release-linux-x86_64 3.2 16.09 121.65 137.74 OK
r-release-windows-ix86+x86_64 3.2 44.00 175.00 219.00 OK
r-release-osx-x86_64 3.2 OK
r-oldrel-windows-ix86+x86_64 3.2 23.00 126.00 149.00 OK
r-oldrel-osx-x86_64 3.2 OK

Check Details

Version: 3.2
Check: installed package size
Result: NOTE
     installed size is 5.2Mb
     sub-directories of 1Mb or more:
     extdata 3.8Mb
Flavor: r-patched-solaris-x86