CRAN Package Check Results for Package networkDynamic

Last updated on 2019-01-19 00:46:35 CET.

Flavor Version Tinstall Tcheck Ttotal Status Flags
r-devel-linux-x86_64-debian-clang 0.9.0 10.64 88.68 99.32 OK
r-devel-linux-x86_64-debian-gcc 0.9.0 7.59 67.09 74.68 OK
r-devel-linux-x86_64-fedora-clang 0.9.0 115.17 OK
r-devel-linux-x86_64-fedora-gcc 0.9.0 108.96 OK
r-devel-windows-ix86+x86_64 0.9.0 28.00 172.00 200.00 OK
r-patched-linux-x86_64 0.9.0 9.86 82.22 92.08 OK
r-patched-solaris-x86 0.9.0 150.70 OK
r-release-linux-x86_64 0.9.0 10.54 81.25 91.79 OK
r-release-windows-ix86+x86_64 0.9.0 27.00 189.00 216.00 OK
r-release-osx-x86_64 0.9.0 OK
r-oldrel-windows-ix86+x86_64 0.9.0 20.00 182.00 202.00 OK
r-oldrel-osx-x86_64 0.9.0 NOTE

Check Details

Version: 0.9.0
Check: re-building of vignette outputs
Result: NOTE
    Error in re-building vignettes:
     ...
    
    trying URL 'http://vlado.fmf.uni-lj.si/pub/networks/data/esna/Sampson.zip'
    Content type 'application/zip' length 2182 bytes
    ==================================================
    downloaded 2182 bytes
    
    Warning in get.vertex.attribute.active(net, "happiness", onset = 2.5, terminus = 4.5) :
     Multiple attribute values matched query spell for attribute happiness.active on some vertices. Only earliest value used
    
    Error in texi2dvi(file = file, pdf = TRUE, clean = clean, quiet = quiet, :
     Running 'texi2dvi' on 'networkDynamic.tex' failed.
    LaTeX errors:
    ! LaTeX Error: File `comment.sty' not found.
    
    Type X to quit or <RETURN> to proceed,
    or enter new name. (Default extension: sty)
    
    ! Emergency stop.
    <read *>
    
    l.6 \usepackage
     {color}^^M
    ! ==> Fatal error occurred, no output PDF file produced!
    Calls: buildVignettes -> texi2pdf -> texi2dvi
    Execution halted
Flavor: r-oldrel-osx-x86_64