Last updated on 2019-01-19 00:46:35 CET.
Flavor | Version | Tinstall | Tcheck | Ttotal | Status | Flags |
---|---|---|---|---|---|---|
r-devel-linux-x86_64-debian-clang | 0.5.0 | 22.44 | 149.58 | 172.02 | OK | |
r-devel-linux-x86_64-debian-gcc | 0.5.0 | 21.43 | 119.27 | 140.70 | OK | |
r-devel-linux-x86_64-fedora-clang | 0.5.0 | 220.33 | NOTE | |||
r-devel-linux-x86_64-fedora-gcc | 0.5.0 | 208.45 | NOTE | |||
r-devel-windows-ix86+x86_64 | 0.5.0 | 60.00 | 226.00 | 286.00 | OK | |
r-patched-linux-x86_64 | 0.5.0 | 22.94 | 141.81 | 164.75 | OK | |
r-patched-solaris-x86 | 0.5.0 | 384.90 | NOTE | |||
r-release-linux-x86_64 | 0.5.0 | 22.89 | 141.15 | 164.04 | OK | |
r-release-windows-ix86+x86_64 | 0.5.0 | 64.00 | 218.00 | 282.00 | OK | |
r-release-osx-x86_64 | 0.5.0 | NOTE | ||||
r-oldrel-windows-ix86+x86_64 | 0.5.0 | 61.00 | 233.00 | 294.00 | OK | |
r-oldrel-osx-x86_64 | 0.5.0 | NOTE |
Version: 0.5.0
Check: dependencies in R code
Result: NOTE
Namespaces in Imports field not imported from:
‘htmlTable’ ‘lme4’ ‘stringi’
All declared Imports should be used.
Flavors: r-devel-linux-x86_64-fedora-clang, r-devel-linux-x86_64-fedora-gcc, r-patched-solaris-x86, r-release-osx-x86_64, r-oldrel-osx-x86_64