CRAN Package Check Results for Package nimble

Last updated on 2019-01-19 00:46:35 CET.

Flavor Version Tinstall Tcheck Ttotal Status Flags
r-devel-linux-x86_64-debian-clang 0.6-12 168.27 195.41 363.68 OK
r-devel-linux-x86_64-debian-gcc 0.6-12 135.47 149.93 285.40 OK
r-devel-linux-x86_64-fedora-clang 0.6-12 467.68 NOTE
r-devel-linux-x86_64-fedora-gcc 0.6-12 427.29 OK
r-devel-windows-ix86+x86_64 0.6-12 406.00 240.00 646.00 NOTE
r-patched-linux-x86_64 0.6-12 176.05 185.95 362.00 OK
r-patched-solaris-x86 0.6-12 519.20 NOTE
r-release-linux-x86_64 0.6-12 177.23 185.00 362.23 OK
r-release-windows-ix86+x86_64 0.6-12 421.00 244.00 665.00 NOTE
r-release-osx-x86_64 0.6-12 NOTE
r-oldrel-windows-ix86+x86_64 0.6-12 344.00 192.00 536.00 NOTE
r-oldrel-osx-x86_64 0.6-12 NOTE

Additional issues

rchk

Check Details

Version: 0.6-12
Check: installed package size
Result: NOTE
     installed size is 16.0Mb
     sub-directories of 1Mb or more:
     CppCode 1.1Mb
     R 5.5Mb
     classic-bugs 1.6Mb
     include 5.8Mb
     tests 1.3Mb
Flavors: r-devel-linux-x86_64-fedora-clang, r-devel-windows-ix86+x86_64, r-patched-solaris-x86, r-release-windows-ix86+x86_64, r-release-osx-x86_64, r-oldrel-windows-ix86+x86_64, r-oldrel-osx-x86_64