Last updated on 2019-01-19 00:46:35 CET.
Flavor | Version | Tinstall | Tcheck | Ttotal | Status | Flags |
---|---|---|---|---|---|---|
r-devel-linux-x86_64-debian-clang | 1.0-9.5 | 3.25 | 20.13 | 23.38 | NOTE | |
r-devel-linux-x86_64-debian-gcc | 1.0-9.5 | 2.54 | 16.49 | 19.03 | NOTE | |
r-devel-linux-x86_64-fedora-clang | 1.0-9.5 | 28.01 | NOTE | |||
r-devel-linux-x86_64-fedora-gcc | 1.0-9.5 | 27.63 | NOTE | |||
r-devel-windows-ix86+x86_64 | 1.0-9.5 | 11.00 | 41.00 | 52.00 | NOTE | |
r-patched-linux-x86_64 | 1.0-9.5 | 2.99 | 18.84 | 21.83 | NOTE | |
r-patched-solaris-x86 | 1.0-9.5 | 40.50 | NOTE | |||
r-release-linux-x86_64 | 1.0-9.5 | 2.68 | 18.62 | 21.30 | NOTE | |
r-release-windows-ix86+x86_64 | 1.0-9.5 | 9.00 | 34.00 | 43.00 | NOTE | |
r-release-osx-x86_64 | 1.0-9.5 | NOTE | ||||
r-oldrel-windows-ix86+x86_64 | 1.0-9.5 | 8.00 | 43.00 | 51.00 | NOTE | |
r-oldrel-osx-x86_64 | 1.0-9.5 | NOTE |
Version: 1.0-9.5
Check: DESCRIPTION meta-information
Result: NOTE
Malformed Description field: should contain one or more complete sentences.
Flavors: r-devel-linux-x86_64-debian-clang, r-devel-linux-x86_64-debian-gcc, r-devel-linux-x86_64-fedora-clang, r-devel-linux-x86_64-fedora-gcc, r-devel-windows-ix86+x86_64, r-patched-linux-x86_64, r-patched-solaris-x86, r-release-linux-x86_64, r-release-windows-ix86+x86_64, r-release-osx-x86_64, r-oldrel-windows-ix86+x86_64, r-oldrel-osx-x86_64
Version: 1.0-9.5
Check: R code for possible problems
Result: NOTE
mi.inference: no visible binding for global variable ‘var’
mi.inference: no visible global function definition for ‘qt’
mi.inference: no visible global function definition for ‘pt’
Undefined global functions or variables:
pt qt var
Consider adding
importFrom("stats", "pt", "qt", "var")
to your NAMESPACE file.
Flavors: r-devel-linux-x86_64-debian-clang, r-devel-linux-x86_64-debian-gcc, r-devel-linux-x86_64-fedora-clang, r-devel-linux-x86_64-fedora-gcc, r-devel-windows-ix86+x86_64, r-patched-linux-x86_64, r-patched-solaris-x86, r-release-linux-x86_64, r-release-windows-ix86+x86_64, r-release-osx-x86_64, r-oldrel-windows-ix86+x86_64, r-oldrel-osx-x86_64
Version: 1.0-9.5
Check: compiled code
Result: NOTE
File ‘norm/libs/norm.so’:
Found no calls to: ‘R_registerRoutines’, ‘R_useDynamicSymbols’
It is good practice to register native routines and to disable symbol
search.
See ‘Writing portable packages’ in the ‘Writing R Extensions’ manual.
Flavors: r-devel-linux-x86_64-fedora-clang, r-devel-linux-x86_64-fedora-gcc