CRAN Package Check Results for Package nscancor

Last updated on 2019-01-19 00:46:35 CET.

Flavor Version Tinstall Tcheck Ttotal Status Flags
r-devel-linux-x86_64-debian-clang 0.6.1-25 1.04 29.69 30.73 OK
r-devel-linux-x86_64-debian-gcc 0.6.1-25 1.24 22.80 24.04 OK
r-devel-linux-x86_64-fedora-clang 0.6.1-25 35.81 OK
r-devel-linux-x86_64-fedora-gcc 0.6.1-25 34.21 OK
r-devel-windows-ix86+x86_64 0.6.1-25 4.00 65.00 69.00 OK
r-patched-linux-x86_64 0.6.1-25 1.26 27.11 28.37 OK
r-patched-solaris-x86 0.6.1-25 53.10 OK
r-release-linux-x86_64 0.6.1-25 1.37 27.37 28.74 OK
r-release-windows-ix86+x86_64 0.6.1-25 4.00 57.00 61.00 OK
r-release-osx-x86_64 0.6.1-25 OK
r-oldrel-windows-ix86+x86_64 0.6.1-25 4.00 42.00 46.00 OK
r-oldrel-osx-x86_64 0.6.1-25 NOTE

Check Details

Version: 0.6.1-25
Check: package dependencies
Result: NOTE
    Package suggested but not available for checking: ‘PMA’
Flavor: r-oldrel-osx-x86_64