Last updated on 2019-01-19 00:46:35 CET.
Flavor | Version | Tinstall | Tcheck | Ttotal | Status | Flags |
---|---|---|---|---|---|---|
r-devel-linux-x86_64-debian-clang | 2.0 | 1.93 | 33.57 | 35.50 | NOTE | |
r-devel-linux-x86_64-debian-gcc | 2.0 | 1.37 | 27.40 | 28.77 | NOTE | |
r-devel-linux-x86_64-fedora-clang | 2.0 | 40.94 | NOTE | |||
r-devel-linux-x86_64-fedora-gcc | 2.0 | 40.67 | NOTE | |||
r-devel-windows-ix86+x86_64 | 2.0 | 5.00 | 61.00 | 66.00 | NOTE | |
r-patched-linux-x86_64 | 2.0 | 1.79 | 31.67 | 33.46 | NOTE | |
r-patched-solaris-x86 | 2.0 | 64.60 | NOTE | |||
r-release-linux-x86_64 | 2.0 | 1.71 | 31.74 | 33.45 | NOTE | |
r-release-windows-ix86+x86_64 | 2.0 | 4.00 | 73.00 | 77.00 | NOTE | |
r-release-osx-x86_64 | 2.0 | NOTE | ||||
r-oldrel-windows-ix86+x86_64 | 2.0 | 5.00 | 48.00 | 53.00 | NOTE | |
r-oldrel-osx-x86_64 | 2.0 | NOTE |
Version: 2.0
Check: DESCRIPTION meta-information
Result: NOTE
Malformed Description field: should contain one or more complete sentences.
Deprecated license: CC BY-NC-ND 3.0 US
Flavors: r-devel-linux-x86_64-debian-clang, r-devel-linux-x86_64-debian-gcc, r-devel-linux-x86_64-fedora-clang, r-devel-linux-x86_64-fedora-gcc, r-patched-linux-x86_64, r-patched-solaris-x86, r-release-linux-x86_64, r-release-osx-x86_64, r-oldrel-osx-x86_64
Version: 2.0
Check: dependencies in R code
Result: NOTE
Packages in Depends field not imported from:
‘nutshell.audioscrobbler’ ‘nutshell.bbdb’
These packages need to be imported from (in the NAMESPACE file)
for when this namespace is loaded but not attached.
Flavors: r-devel-linux-x86_64-debian-clang, r-devel-linux-x86_64-debian-gcc, r-devel-linux-x86_64-fedora-clang, r-devel-linux-x86_64-fedora-gcc, r-devel-windows-ix86+x86_64, r-patched-linux-x86_64, r-patched-solaris-x86, r-release-linux-x86_64, r-release-windows-ix86+x86_64, r-release-osx-x86_64, r-oldrel-windows-ix86+x86_64, r-oldrel-osx-x86_64
Version: 2.0
Check: installed package size
Result: NOTE
installed size is 8.8Mb
sub-directories of 1Mb or more:
data 8.7Mb
Flavors: r-devel-linux-x86_64-fedora-clang, r-devel-windows-ix86+x86_64, r-patched-solaris-x86, r-release-windows-ix86+x86_64, r-release-osx-x86_64, r-oldrel-windows-ix86+x86_64, r-oldrel-osx-x86_64
Version: 2.0
Check: DESCRIPTION meta-information
Result: NOTE
Malformed Description field: should contain one or more complete sentences.
Flavors: r-devel-windows-ix86+x86_64, r-release-windows-ix86+x86_64, r-oldrel-windows-ix86+x86_64