Last updated on 2019-01-19 00:46:35 CET.
Flavor | Version | Tinstall | Tcheck | Ttotal | Status | Flags |
---|---|---|---|---|---|---|
r-devel-linux-x86_64-debian-clang | 0.3.0 | 1.78 | 17.26 | 19.04 | OK | |
r-devel-linux-x86_64-debian-gcc | 0.3.0 | 1.67 | 14.05 | 15.72 | OK | |
r-devel-linux-x86_64-fedora-clang | 0.3.0 | 23.03 | NOTE | |||
r-devel-linux-x86_64-fedora-gcc | 0.3.0 | 22.38 | NOTE | |||
r-devel-windows-ix86+x86_64 | 0.3.0 | 4.00 | 27.00 | 31.00 | OK | |
r-patched-linux-x86_64 | 0.3.0 | 1.77 | 16.15 | 17.92 | OK | |
r-patched-solaris-x86 | 0.3.0 | 36.00 | NOTE | |||
r-release-linux-x86_64 | 0.3.0 | 1.50 | 15.97 | 17.47 | OK | |
r-release-windows-ix86+x86_64 | 0.3.0 | 4.00 | 26.00 | 30.00 | OK | |
r-release-osx-x86_64 | 0.3.0 | NOTE | ||||
r-oldrel-windows-ix86+x86_64 | 0.3.0 | 4.00 | 35.00 | 39.00 | OK | |
r-oldrel-osx-x86_64 | 0.3.0 | NOTE |
Version: 0.3.0
Check: data for non-ASCII characters
Result: NOTE
Note: found 7284 marked UTF-8 strings
Flavors: r-devel-linux-x86_64-fedora-clang, r-devel-linux-x86_64-fedora-gcc, r-patched-solaris-x86, r-release-osx-x86_64, r-oldrel-osx-x86_64