Last updated on 2019-01-19 00:46:36 CET.
Flavor | Version | Tinstall | Tcheck | Ttotal | Status | Flags |
---|---|---|---|---|---|---|
r-devel-linux-x86_64-debian-clang | 0.0.9 | 65.39 | 62.52 | 127.91 | OK | |
r-devel-linux-x86_64-debian-gcc | 0.0.9 | 63.22 | 49.84 | 113.06 | OK | |
r-devel-linux-x86_64-fedora-clang | 0.0.9 | 184.28 | NOTE | |||
r-devel-linux-x86_64-fedora-gcc | 0.0.9 | 167.93 | OK | |||
r-devel-windows-ix86+x86_64 | 0.0.9 | 176.00 | 170.00 | 346.00 | OK | |
r-patched-linux-x86_64 | 0.0.9 | 74.25 | 56.12 | 130.37 | OK | |
r-patched-solaris-x86 | 0.0.9 | 184.30 | OK | |||
r-release-linux-x86_64 | 0.0.9 | 74.24 | 56.34 | 130.58 | OK | |
r-release-windows-ix86+x86_64 | 0.0.9 | 178.00 | 164.00 | 342.00 | OK | |
r-release-osx-x86_64 | 0.0.9 | NOTE | ||||
r-oldrel-windows-ix86+x86_64 | 0.0.9 | 180.00 | 136.00 | 316.00 | OK | |
r-oldrel-osx-x86_64 | 0.0.9 | NOTE |
Version: 0.0.9
Check: installed package size
Result: NOTE
installed size is 9.4Mb
sub-directories of 1Mb or more:
doc 2.5Mb
libs 6.7Mb
Flavors: r-devel-linux-x86_64-fedora-clang, r-release-osx-x86_64, r-oldrel-osx-x86_64