CRAN Package Check Results for Package parlitools

Last updated on 2019-01-19 00:46:36 CET.

Flavor Version Tinstall Tcheck Ttotal Status Flags
r-devel-linux-x86_64-debian-clang 0.3.0 5.02 520.68 525.70 OK
r-devel-linux-x86_64-debian-gcc 0.3.0 4.56 353.76 358.32 OK
r-devel-linux-x86_64-fedora-clang 0.3.0 596.94 NOTE
r-devel-linux-x86_64-fedora-gcc 0.3.0 539.77 NOTE
r-devel-windows-ix86+x86_64 0.3.0 16.00 562.00 578.00 OK
r-patched-linux-x86_64 0.3.0 5.58 471.62 477.20 OK
r-patched-solaris-x86 0.3.0 113.90 NOTE --no-vignettes
r-release-linux-x86_64 0.3.0 5.00 484.92 489.92 OK
r-release-windows-ix86+x86_64 0.3.0 14.00 604.00 618.00 OK
r-release-osx-x86_64 0.3.0 WARN
r-oldrel-windows-ix86+x86_64 0.3.0 18.00 505.00 523.00 OK
r-oldrel-osx-x86_64 0.2.1 WARN

Check Details

Version: 0.3.0
Check: data for non-ASCII characters
Result: NOTE
     Note: found 13 marked UTF-8 strings
Flavors: r-devel-linux-x86_64-fedora-clang, r-devel-linux-x86_64-fedora-gcc, r-release-osx-x86_64

Version: 0.3.0
Flags: --no-vignettes
Check: data for non-ASCII characters
Result: NOTE
     Note: found 13 marked UTF-8 strings
Flavor: r-patched-solaris-x86

Version: 0.3.0
Check: re-building of vignette outputs
Result: WARN
    Error in re-building vignettes:
     ...
     Pandoc (>= 1.12.3) and/or pandoc-citeproc not available. Falling back to R Markdown v1.
    Warning in engine$weave(file, quiet = quiet, encoding = enc) :
     Pandoc (>= 1.12.3) and/or pandoc-citeproc not available. Falling back to R Markdown v1.
    Linking to GEOS 3.6.1, GDAL 2.1.3, PROJ 4.9.3
    
    Attaching package: 'dplyr'
    
    The following objects are masked from 'package:stats':
    
     filter, lag
    
    The following objects are masked from 'package:base':
    
     intersect, setdiff, setequal, union
    
    Downloading constituency data
    PhantomJS not found. You can install it with webshot::install_phantomjs(). If it is installed, please make sure the phantomjs executable can be found via the PATH variable.
    Warning in normalizePath(f2) :
     path[1]="./webshotbe8b43496a3.png": No such file or directory
    Warning in file(con, "rb") :
     cannot open file './webshotbe8b43496a3.png': No such file or directory
    Quitting from lines 65-108 (introduction.Rmd)
    Error: processing vignette 'introduction.Rmd' failed with diagnostics:
    cannot open the connection
    Execution halted
Flavor: r-release-osx-x86_64

Version: 0.2.1
Check: data for non-ASCII characters
Result: NOTE
     Note: found 13 marked UTF-8 strings
Flavor: r-oldrel-osx-x86_64

Version: 0.2.1
Check: re-building of vignette outputs
Result: WARN
    Error in re-building vignettes:
     ...
    Warning in engine$weave(file, quiet = quiet, encoding = enc) :
     Pandoc (>= 1.12.3) and/or pandoc-citeproc not available. Falling back to R Markdown v1.
    Linking to GEOS 3.6.1, GDAL 2.1.3, proj.4 4.9.3
    
    Attaching package: 'dplyr'
    
    The following objects are masked from 'package:stats':
    
     filter, lag
    
    The following objects are masked from 'package:base':
    
     intersect, setdiff, setequal, union
    
    Downloading constituency data
    Warning: Column `party_id` joining character vector and factor, coercing into character vector
    PhantomJS not found. You can install it with webshot::install_phantomjs(). If it is installed, please make sure the phantomjs executable can be found via the PATH variable.
    Warning in normalizePath(f2) :
     path[1]="./webshotff4c700f680.png": No such file or directory
    Warning in file(con, "rb") :
     cannot open file './webshotff4c700f680.png': No such file or directory
    Quitting from lines 67-110 (introduction.Rmd)
    Error: processing vignette 'introduction.Rmd' failed with diagnostics:
    cannot open the connection
    Execution halted
Flavor: r-oldrel-osx-x86_64