CRAN Package Check Results for Package pcdpca

Last updated on 2019-01-19 00:46:36 CET.

Flavor Version Tinstall Tcheck Ttotal Status Flags
r-devel-linux-x86_64-debian-clang 0.4 0.94 25.04 25.98 OK
r-devel-linux-x86_64-debian-gcc 0.4 0.64 20.05 20.69 OK
r-devel-linux-x86_64-fedora-clang 0.4 30.61 NOTE
r-devel-linux-x86_64-fedora-gcc 0.4 28.47 NOTE
r-devel-windows-ix86+x86_64 0.4 3.00 47.00 50.00 OK
r-patched-linux-x86_64 0.4 0.84 23.24 24.08 NOTE
r-patched-solaris-x86 0.4 51.60 NOTE
r-release-linux-x86_64 0.4 0.89 23.19 24.08 NOTE
r-release-windows-ix86+x86_64 0.4 3.00 47.00 50.00 OK
r-release-osx-x86_64 0.4 NOTE
r-oldrel-windows-ix86+x86_64 0.4 3.00 32.00 35.00 OK
r-oldrel-osx-x86_64 0.4 NOTE

Check Details

Version: 0.4
Check: dependencies in R code
Result: NOTE
    Namespace in Imports field not imported from: ‘fda’
     All declared Imports should be used.
Flavors: r-devel-linux-x86_64-fedora-clang, r-devel-linux-x86_64-fedora-gcc, r-patched-solaris-x86, r-release-osx-x86_64, r-oldrel-osx-x86_64

Version: 0.4
Check: DESCRIPTION meta-information
Result: NOTE
    Dependence on R version ‘3.3.1’ not with patchlevel 0
Flavors: r-patched-linux-x86_64, r-release-linux-x86_64