CRAN Package Check Results for Package penalizedSVM

Last updated on 2019-01-19 00:46:37 CET.

Flavor Version Tinstall Tcheck Ttotal Status Flags
r-devel-linux-x86_64-debian-clang 1.1.2 4.33 37.20 41.53 OK
r-devel-linux-x86_64-debian-gcc 1.1.2 4.36 29.16 33.52 OK
r-devel-linux-x86_64-fedora-clang 1.1.2 49.46 NOTE
r-devel-linux-x86_64-fedora-gcc 1.1.2 44.97 NOTE
r-devel-windows-ix86+x86_64 1.1.2 10.00 65.00 75.00 OK
r-patched-linux-x86_64 1.1.2 5.03 34.60 39.63 OK
r-patched-solaris-x86 1.1.2 67.50 NOTE
r-release-linux-x86_64 1.1.2 4.05 34.34 38.39 OK
r-release-windows-ix86+x86_64 1.1.2 9.00 63.00 72.00 OK
r-release-osx-x86_64 1.1.2 NOTE
r-oldrel-windows-ix86+x86_64 1.1.2 6.00 43.00 49.00 OK
r-oldrel-osx-x86_64 1.1.2 NOTE

Check Details

Version: 1.1.2
Check: dependencies in R code
Result: NOTE
    Namespace in Imports field not imported from: ‘lhs’
     All declared Imports should be used.
Flavors: r-devel-linux-x86_64-fedora-clang, r-devel-linux-x86_64-fedora-gcc, r-patched-solaris-x86, r-release-osx-x86_64, r-oldrel-osx-x86_64