CRAN Package Check Results for Package performanceEstimation

Last updated on 2019-01-19 00:46:37 CET.

Flavor Version Tinstall Tcheck Ttotal Status Flags
r-devel-linux-x86_64-debian-clang 1.1.0 4.84 43.56 48.40 OK
r-devel-linux-x86_64-debian-gcc 1.1.0 4.97 34.22 39.19 OK
r-devel-linux-x86_64-fedora-clang 1.1.0 58.06 OK
r-devel-linux-x86_64-fedora-gcc 1.1.0 52.68 OK
r-devel-windows-ix86+x86_64 1.1.0 13.00 75.00 88.00 OK
r-patched-linux-x86_64 1.1.0 4.53 39.55 44.08 OK
r-patched-solaris-x86 1.1.0 73.10 OK
r-release-linux-x86_64 1.1.0 4.85 39.47 44.32 OK
r-release-windows-ix86+x86_64 1.1.0 12.00 71.00 83.00 OK
r-release-osx-x86_64 1.1.0 OK
r-oldrel-windows-ix86+x86_64 1.1.0 11.00 68.00 79.00 OK
r-oldrel-osx-x86_64 1.1.0 NOTE

Check Details

Version: 1.1.0
Check: package dependencies
Result: NOTE
    Package suggested but not available for checking: ‘devtools’
Flavor: r-oldrel-osx-x86_64