Last updated on 2019-01-19 00:46:37 CET.
Flavor | Version | Tinstall | Tcheck | Ttotal | Status | Flags |
---|---|---|---|---|---|---|
r-devel-linux-x86_64-debian-clang | 1.0 | 1.30 | 66.47 | 67.77 | NOTE | |
r-devel-linux-x86_64-debian-gcc | 1.0 | 1.65 | 50.15 | 51.80 | NOTE | |
r-devel-linux-x86_64-fedora-clang | 1.0 | 80.86 | NOTE | |||
r-devel-linux-x86_64-fedora-gcc | 1.0 | 77.28 | NOTE | |||
r-devel-windows-ix86+x86_64 | 1.0 | 6.00 | 103.00 | 109.00 | NOTE | |
r-patched-linux-x86_64 | 1.0 | 1.87 | 61.25 | 63.12 | NOTE | |
r-patched-solaris-x86 | 1.0 | 105.00 | NOTE | |||
r-release-linux-x86_64 | 1.0 | 1.41 | 61.94 | 63.35 | NOTE | |
r-release-windows-ix86+x86_64 | 1.0 | 6.00 | 94.00 | 100.00 | NOTE | |
r-release-osx-x86_64 | 1.0 | NOTE | ||||
r-oldrel-windows-ix86+x86_64 | 1.0 | 7.00 | 71.00 | 78.00 | OK | |
r-oldrel-osx-x86_64 | 1.0 | OK |
Version: 1.0
Check: package dependencies
Result: NOTE
Package suggested but not available for checking: ‘dendextendRcpp’
Flavors: r-devel-linux-x86_64-debian-clang, r-devel-linux-x86_64-debian-gcc, r-devel-linux-x86_64-fedora-clang, r-devel-linux-x86_64-fedora-gcc, r-devel-windows-ix86+x86_64, r-patched-linux-x86_64, r-patched-solaris-x86, r-release-linux-x86_64, r-release-windows-ix86+x86_64, r-release-osx-x86_64