CRAN Package Check Results for Package pkgnet

Last updated on 2019-01-19 00:46:37 CET.

Flavor Version Tinstall Tcheck Ttotal Status Flags
r-devel-linux-x86_64-debian-clang 0.3.0 6.77 62.32 69.09 ERROR
r-devel-linux-x86_64-debian-gcc 0.3.0 5.47 48.72 54.19 ERROR
r-devel-linux-x86_64-fedora-clang 0.3.0 78.67 ERROR
r-devel-linux-x86_64-fedora-gcc 0.3.0 74.05 ERROR
r-devel-windows-ix86+x86_64 0.3.0 17.00 130.00 147.00 ERROR
r-patched-linux-x86_64 0.3.0 6.69 57.72 64.41 ERROR
r-patched-solaris-x86 0.3.0 106.10 ERROR
r-release-linux-x86_64 0.3.0 6.76 57.23 63.99 ERROR
r-release-windows-ix86+x86_64 0.3.0 17.00 111.00 128.00 ERROR
r-release-osx-x86_64 0.3.0 ERROR
r-oldrel-windows-ix86+x86_64 0.3.0 12.00 102.00 114.00 ERROR
r-oldrel-osx-x86_64 0.2.1 NOTE

Check Details

Version: 0.3.0
Check: tests
Result: ERROR
     Running ‘testthat.R’ [2s/2s]
    Running the tests in ‘tests/testthat.R’ failed.
    Complete output:
     > # Note that you would never run this file directly. This is used by tools::testInstallPackages()
     > # and other packages like covr.
     > # To actually run the tests, you need to set the working directory then run
     > # devtools::test('pkgnet')
     >
     > # This line ensures that R CMD check can run tests.
     > # See https://github.com/hadley/testthat/issues/144
     > Sys.setenv("R_TESTS" = "")
     >
     > # Check if setup and helper funs have been run.
     > # If in R CMD CHECK, they may not have been run yet.
     > Sys.setenv(PKGNET_REBUILD = identical(Sys.getenv('PKGNET_TEST_LIB'), ''))
     >
     > # If not yet run, rebuild
     > if (Sys.getenv('PKGNET_REBUILD')){
     + library(pkgnet)
     + ## ******************************************************************************************
     + ## THIS IS THIS SAME CONTENT as setup_setTestEnv.R but neccessary to paste here due to
     + ## travis checks.
     + ## ******************************************************************************************
     +
     + # [DEBUG] write("PKGNET_REBUILD triggered", file = "~/thing.txt", append = TRUE)
     +
     + # record original libpaths in order to reset later.
     + # This should be unnecessary since tests are conducted within a seperate enviornment.
     + # It's done out of an abundance of caution.
     + origLibPaths <- .libPaths()
     +
     + # Set the pkgnet library for testing to a temp directory
     + Sys.setenv(PKGNET_TEST_LIB = tempdir())
     +
     + # Set the libpaths for testing.
     + # This has no effect to global libpaths since testing tests are conducted within a
     + # seperate enviornment.
     + .libPaths(
     + new = c(Sys.getenv('PKGNET_TEST_LIB'), origLibPaths)
     + )
     +
     + # Install Fake Packages - For local testing if not already installed
     + pkgnet:::.BuildTestLib(
     + targetLibPath = Sys.getenv('PKGNET_TEST_LIB')
     + )
     +
     + # [DEBUG] write(paste0("PKGNET_TEST_LIB: ", Sys.getenv('PKGNET_TEST_LIB')), file = "~/thing.txt", append = TRUE)
     + # [DEBUG] write(list.files(Sys.getenv('PKGNET_TEST_LIB'), recursive = TRUE), file = "~/thing.txt", append = TRUE)
     +
     +
     + }
     Warning: invalid package ‘/home/hornik/tmp/R.check/r-devel-clang/Work/PKGS/pkgnet.Rcheck/00_pkg_src/pkgnet//baseballstats’
     Warning: invalid package ‘/home/hornik/tmp/R.check/r-devel-clang/Work/PKGS/pkgnet.Rcheck/00_pkg_src/pkgnet//sartre’
     Warning: invalid package ‘/home/hornik/tmp/R.check/r-devel-clang/Work/PKGS/pkgnet.Rcheck/00_pkg_src/pkgnet//milne’
     Warning: invalid package ‘/home/hornik/tmp/R.check/r-devel-clang/Work/PKGS/pkgnet.Rcheck/00_pkg_src/pkgnet’
     Error: ERROR: no packages specified
     Warning: invalid package ‘/home/hornik/tmp/R.check/r-devel-clang/Work/PKGS/pkgnet.Rcheck/00_pkg_src/pkgnet//baseballstats’
     Warning: invalid package ‘/home/hornik/tmp/R.check/r-devel-clang/Work/PKGS/pkgnet.Rcheck/00_pkg_src/pkgnet//sartre’
     Warning: invalid package ‘/home/hornik/tmp/R.check/r-devel-clang/Work/PKGS/pkgnet.Rcheck/00_pkg_src/pkgnet//milne’
     Warning: invalid package ‘/home/hornik/tmp/R.check/r-devel-clang/Work/PKGS/pkgnet.Rcheck/00_pkg_src/pkgnet’
     Error: ERROR: no packages specified
     Error in pkgnet:::.BuildTestLib(targetLibPath = Sys.getenv("PKGNET_TEST_LIB")) :
     Installation of packages in .BuildTestLib failed! (exit code = 1)
    
     In addition: Warning message:
     In system(command = cmdstr, intern = TRUE) :
     running command '"/home/hornik/tmp/R.check/r-devel-clang/Work/build/bin/R" CMD INSTALL -l "/tmp/RtmpChRo5x" /home/hornik/tmp/R.check/r-devel-clang/Work/PKGS/pkgnet.Rcheck/00_pkg_src/pkgnet//baseballstats /home/hornik/tmp/R.check/r-devel-clang/Work/PKGS/pkgnet.Rcheck/00_pkg_src/pkgnet//sartre /home/hornik/tmp/R.check/r-devel-clang/Work/PKGS/pkgnet.Rcheck/00_pkg_src/pkgnet//milne /home/hornik/tmp/R.check/r-devel-clang/Work/PKGS/pkgnet.Rcheck/00_pkg_src/pkgnet' had status 1
     Execution halted
Flavor: r-devel-linux-x86_64-debian-clang

Version: 0.3.0
Check: tests
Result: ERROR
     Running ‘testthat.R’ [1s/3s]
    Running the tests in ‘tests/testthat.R’ failed.
    Complete output:
     > # Note that you would never run this file directly. This is used by tools::testInstallPackages()
     > # and other packages like covr.
     > # To actually run the tests, you need to set the working directory then run
     > # devtools::test('pkgnet')
     >
     > # This line ensures that R CMD check can run tests.
     > # See https://github.com/hadley/testthat/issues/144
     > Sys.setenv("R_TESTS" = "")
     >
     > # Check if setup and helper funs have been run.
     > # If in R CMD CHECK, they may not have been run yet.
     > Sys.setenv(PKGNET_REBUILD = identical(Sys.getenv('PKGNET_TEST_LIB'), ''))
     >
     > # If not yet run, rebuild
     > if (Sys.getenv('PKGNET_REBUILD')){
     + library(pkgnet)
     + ## ******************************************************************************************
     + ## THIS IS THIS SAME CONTENT as setup_setTestEnv.R but neccessary to paste here due to
     + ## travis checks.
     + ## ******************************************************************************************
     +
     + # [DEBUG] write("PKGNET_REBUILD triggered", file = "~/thing.txt", append = TRUE)
     +
     + # record original libpaths in order to reset later.
     + # This should be unnecessary since tests are conducted within a seperate enviornment.
     + # It's done out of an abundance of caution.
     + origLibPaths <- .libPaths()
     +
     + # Set the pkgnet library for testing to a temp directory
     + Sys.setenv(PKGNET_TEST_LIB = tempdir())
     +
     + # Set the libpaths for testing.
     + # This has no effect to global libpaths since testing tests are conducted within a
     + # seperate enviornment.
     + .libPaths(
     + new = c(Sys.getenv('PKGNET_TEST_LIB'), origLibPaths)
     + )
     +
     + # Install Fake Packages - For local testing if not already installed
     + pkgnet:::.BuildTestLib(
     + targetLibPath = Sys.getenv('PKGNET_TEST_LIB')
     + )
     +
     + # [DEBUG] write(paste0("PKGNET_TEST_LIB: ", Sys.getenv('PKGNET_TEST_LIB')), file = "~/thing.txt", append = TRUE)
     + # [DEBUG] write(list.files(Sys.getenv('PKGNET_TEST_LIB'), recursive = TRUE), file = "~/thing.txt", append = TRUE)
     +
     +
     + }
     Warning: invalid package ‘/home/hornik/tmp/R.check/r-devel-gcc/Work/PKGS/pkgnet.Rcheck/00_pkg_src/pkgnet//baseballstats’
     Warning: invalid package ‘/home/hornik/tmp/R.check/r-devel-gcc/Work/PKGS/pkgnet.Rcheck/00_pkg_src/pkgnet//sartre’
     Warning: invalid package ‘/home/hornik/tmp/R.check/r-devel-gcc/Work/PKGS/pkgnet.Rcheck/00_pkg_src/pkgnet//milne’
     Warning: invalid package ‘/home/hornik/tmp/R.check/r-devel-gcc/Work/PKGS/pkgnet.Rcheck/00_pkg_src/pkgnet’
     Error: ERROR: no packages specified
     Warning: invalid package ‘/home/hornik/tmp/R.check/r-devel-gcc/Work/PKGS/pkgnet.Rcheck/00_pkg_src/pkgnet//baseballstats’
     Warning: invalid package ‘/home/hornik/tmp/R.check/r-devel-gcc/Work/PKGS/pkgnet.Rcheck/00_pkg_src/pkgnet//sartre’
     Warning: invalid package ‘/home/hornik/tmp/R.check/r-devel-gcc/Work/PKGS/pkgnet.Rcheck/00_pkg_src/pkgnet//milne’
     Warning: invalid package ‘/home/hornik/tmp/R.check/r-devel-gcc/Work/PKGS/pkgnet.Rcheck/00_pkg_src/pkgnet’
     Error: ERROR: no packages specified
     Error in pkgnet:::.BuildTestLib(targetLibPath = Sys.getenv("PKGNET_TEST_LIB")) :
     Installation of packages in .BuildTestLib failed! (exit code = 1)
    
     In addition: Warning message:
     In system(command = cmdstr, intern = TRUE) :
     running command '"/home/hornik/tmp/R.check/r-devel-gcc/Work/build/bin/R" CMD INSTALL -l "/home/hornik/tmp/scratch/Rtmpm06BRx" /home/hornik/tmp/R.check/r-devel-gcc/Work/PKGS/pkgnet.Rcheck/00_pkg_src/pkgnet//baseballstats /home/hornik/tmp/R.check/r-devel-gcc/Work/PKGS/pkgnet.Rcheck/00_pkg_src/pkgnet//sartre /home/hornik/tmp/R.check/r-devel-gcc/Work/PKGS/pkgnet.Rcheck/00_pkg_src/pkgnet//milne /home/hornik/tmp/R.check/r-devel-gcc/Work/PKGS/pkgnet.Rcheck/00_pkg_src/pkgnet' had status 1
     Execution halted
Flavor: r-devel-linux-x86_64-debian-gcc

Version: 0.3.0
Check: dependencies in R code
Result: NOTE
    Namespace in Imports field not imported from: ‘knitr’
     All declared Imports should be used.
Flavors: r-devel-linux-x86_64-fedora-clang, r-devel-linux-x86_64-fedora-gcc, r-patched-solaris-x86, r-release-osx-x86_64

Version: 0.3.0
Check: tests
Result: ERROR
     Running ‘testthat.R’
    Running the tests in ‘tests/testthat.R’ failed.
    Complete output:
     > # Note that you would never run this file directly. This is used by tools::testInstallPackages()
     > # and other packages like covr.
     > # To actually run the tests, you need to set the working directory then run
     > # devtools::test('pkgnet')
     >
     > # This line ensures that R CMD check can run tests.
     > # See https://github.com/hadley/testthat/issues/144
     > Sys.setenv("R_TESTS" = "")
     >
     > # Check if setup and helper funs have been run.
     > # If in R CMD CHECK, they may not have been run yet.
     > Sys.setenv(PKGNET_REBUILD = identical(Sys.getenv('PKGNET_TEST_LIB'), ''))
     >
     > # If not yet run, rebuild
     > if (Sys.getenv('PKGNET_REBUILD')){
     + library(pkgnet)
     + ## ******************************************************************************************
     + ## THIS IS THIS SAME CONTENT as setup_setTestEnv.R but neccessary to paste here due to
     + ## travis checks.
     + ## ******************************************************************************************
     +
     + # [DEBUG] write("PKGNET_REBUILD triggered", file = "~/thing.txt", append = TRUE)
     +
     + # record original libpaths in order to reset later.
     + # This should be unnecessary since tests are conducted within a seperate enviornment.
     + # It's done out of an abundance of caution.
     + origLibPaths <- .libPaths()
     +
     + # Set the pkgnet library for testing to a temp directory
     + Sys.setenv(PKGNET_TEST_LIB = tempdir())
     +
     + # Set the libpaths for testing.
     + # This has no effect to global libpaths since testing tests are conducted within a
     + # seperate enviornment.
     + .libPaths(
     + new = c(Sys.getenv('PKGNET_TEST_LIB'), origLibPaths)
     + )
     +
     + # Install Fake Packages - For local testing if not already installed
     + pkgnet:::.BuildTestLib(
     + targetLibPath = Sys.getenv('PKGNET_TEST_LIB')
     + )
     +
     + # [DEBUG] write(paste0("PKGNET_TEST_LIB: ", Sys.getenv('PKGNET_TEST_LIB')), file = "~/thing.txt", append = TRUE)
     + # [DEBUG] write(list.files(Sys.getenv('PKGNET_TEST_LIB'), recursive = TRUE), file = "~/thing.txt", append = TRUE)
     +
     +
     + }
     Warning: invalid package ‘/data/gannet/ripley/R/packages/tests-clang/pkgnet.Rcheck/00_pkg_src/pkgnet//baseballstats’
     Warning: invalid package ‘/data/gannet/ripley/R/packages/tests-clang/pkgnet.Rcheck/00_pkg_src/pkgnet//sartre’
     Warning: invalid package ‘/data/gannet/ripley/R/packages/tests-clang/pkgnet.Rcheck/00_pkg_src/pkgnet//milne’
     Warning: invalid package ‘/data/gannet/ripley/R/packages/tests-clang/pkgnet.Rcheck/00_pkg_src/pkgnet’
     Error: ERROR: no packages specified
     Warning: invalid package ‘/data/gannet/ripley/R/packages/tests-clang/pkgnet.Rcheck/00_pkg_src/pkgnet//baseballstats’
     Warning: invalid package ‘/data/gannet/ripley/R/packages/tests-clang/pkgnet.Rcheck/00_pkg_src/pkgnet//sartre’
     Warning: invalid package ‘/data/gannet/ripley/R/packages/tests-clang/pkgnet.Rcheck/00_pkg_src/pkgnet//milne’
     Warning: invalid package ‘/data/gannet/ripley/R/packages/tests-clang/pkgnet.Rcheck/00_pkg_src/pkgnet’
     Error: ERROR: no packages specified
     Error in pkgnet:::.BuildTestLib(targetLibPath = Sys.getenv("PKGNET_TEST_LIB")) :
     Installation of packages in .BuildTestLib failed! (exit code = 1)
    
     In addition: Warning message:
     In system(command = cmdstr, intern = TRUE) :
     running command '"/data/gannet/ripley/R/R-clang/bin/R" CMD INSTALL -l "/tmp/Rtmpnkw3sm" /data/gannet/ripley/R/packages/tests-clang/pkgnet.Rcheck/00_pkg_src/pkgnet//baseballstats /data/gannet/ripley/R/packages/tests-clang/pkgnet.Rcheck/00_pkg_src/pkgnet//sartre /data/gannet/ripley/R/packages/tests-clang/pkgnet.Rcheck/00_pkg_src/pkgnet//milne /data/gannet/ripley/R/packages/tests-clang/pkgnet.Rcheck/00_pkg_src/pkgnet' had status 1
     Execution halted
Flavor: r-devel-linux-x86_64-fedora-clang

Version: 0.3.0
Check: tests
Result: ERROR
     Running ‘testthat.R’
    Running the tests in ‘tests/testthat.R’ failed.
    Complete output:
     > # Note that you would never run this file directly. This is used by tools::testInstallPackages()
     > # and other packages like covr.
     > # To actually run the tests, you need to set the working directory then run
     > # devtools::test('pkgnet')
     >
     > # This line ensures that R CMD check can run tests.
     > # See https://github.com/hadley/testthat/issues/144
     > Sys.setenv("R_TESTS" = "")
     >
     > # Check if setup and helper funs have been run.
     > # If in R CMD CHECK, they may not have been run yet.
     > Sys.setenv(PKGNET_REBUILD = identical(Sys.getenv('PKGNET_TEST_LIB'), ''))
     >
     > # If not yet run, rebuild
     > if (Sys.getenv('PKGNET_REBUILD')){
     + library(pkgnet)
     + ## ******************************************************************************************
     + ## THIS IS THIS SAME CONTENT as setup_setTestEnv.R but neccessary to paste here due to
     + ## travis checks.
     + ## ******************************************************************************************
     +
     + # [DEBUG] write("PKGNET_REBUILD triggered", file = "~/thing.txt", append = TRUE)
     +
     + # record original libpaths in order to reset later.
     + # This should be unnecessary since tests are conducted within a seperate enviornment.
     + # It's done out of an abundance of caution.
     + origLibPaths <- .libPaths()
     +
     + # Set the pkgnet library for testing to a temp directory
     + Sys.setenv(PKGNET_TEST_LIB = tempdir())
     +
     + # Set the libpaths for testing.
     + # This has no effect to global libpaths since testing tests are conducted within a
     + # seperate enviornment.
     + .libPaths(
     + new = c(Sys.getenv('PKGNET_TEST_LIB'), origLibPaths)
     + )
     +
     + # Install Fake Packages - For local testing if not already installed
     + pkgnet:::.BuildTestLib(
     + targetLibPath = Sys.getenv('PKGNET_TEST_LIB')
     + )
     +
     + # [DEBUG] write(paste0("PKGNET_TEST_LIB: ", Sys.getenv('PKGNET_TEST_LIB')), file = "~/thing.txt", append = TRUE)
     + # [DEBUG] write(list.files(Sys.getenv('PKGNET_TEST_LIB'), recursive = TRUE), file = "~/thing.txt", append = TRUE)
     +
     +
     + }
     Warning: invalid package ‘/data/gannet/ripley/R/packages/tests-devel/pkgnet.Rcheck/00_pkg_src/pkgnet//baseballstats’
     Warning: invalid package ‘/data/gannet/ripley/R/packages/tests-devel/pkgnet.Rcheck/00_pkg_src/pkgnet//sartre’
     Warning: invalid package ‘/data/gannet/ripley/R/packages/tests-devel/pkgnet.Rcheck/00_pkg_src/pkgnet//milne’
     Warning: invalid package ‘/data/gannet/ripley/R/packages/tests-devel/pkgnet.Rcheck/00_pkg_src/pkgnet’
     Error: ERROR: no packages specified
     Warning: invalid package ‘/data/gannet/ripley/R/packages/tests-devel/pkgnet.Rcheck/00_pkg_src/pkgnet//baseballstats’
     Warning: invalid package ‘/data/gannet/ripley/R/packages/tests-devel/pkgnet.Rcheck/00_pkg_src/pkgnet//sartre’
     Warning: invalid package ‘/data/gannet/ripley/R/packages/tests-devel/pkgnet.Rcheck/00_pkg_src/pkgnet//milne’
     Warning: invalid package ‘/data/gannet/ripley/R/packages/tests-devel/pkgnet.Rcheck/00_pkg_src/pkgnet’
     Error: ERROR: no packages specified
     Error in pkgnet:::.BuildTestLib(targetLibPath = Sys.getenv("PKGNET_TEST_LIB")) :
     Installation of packages in .BuildTestLib failed! (exit code = 1)
    
     In addition: Warning message:
     In system(command = cmdstr, intern = TRUE) :
     running command '"/data/gannet/ripley/R/R-devel/bin/R" CMD INSTALL -l "/tmp/Rtmpts8A2a" /data/gannet/ripley/R/packages/tests-devel/pkgnet.Rcheck/00_pkg_src/pkgnet//baseballstats /data/gannet/ripley/R/packages/tests-devel/pkgnet.Rcheck/00_pkg_src/pkgnet//sartre /data/gannet/ripley/R/packages/tests-devel/pkgnet.Rcheck/00_pkg_src/pkgnet//milne /data/gannet/ripley/R/packages/tests-devel/pkgnet.Rcheck/00_pkg_src/pkgnet' had status 1
     Execution halted
Flavor: r-devel-linux-x86_64-fedora-gcc

Version: 0.3.0
Check: tests
Result: ERROR
     Running 'testthat.R' [3s]
    Running the tests in 'tests/testthat.R' failed.
    Complete output:
     > # Note that you would never run this file directly. This is used by tools::testInstallPackages()
     > # and other packages like covr.
     > # To actually run the tests, you need to set the working directory then run
     > # devtools::test('pkgnet')
     >
     > # This line ensures that R CMD check can run tests.
     > # See https://github.com/hadley/testthat/issues/144
     > Sys.setenv("R_TESTS" = "")
     >
     > # Check if setup and helper funs have been run.
     > # If in R CMD CHECK, they may not have been run yet.
     > Sys.setenv(PKGNET_REBUILD = identical(Sys.getenv('PKGNET_TEST_LIB'), ''))
     >
     > # If not yet run, rebuild
     > if (Sys.getenv('PKGNET_REBUILD')){
     + library(pkgnet)
     + ## ******************************************************************************************
     + ## THIS IS THIS SAME CONTENT as setup_setTestEnv.R but neccessary to paste here due to
     + ## travis checks.
     + ## ******************************************************************************************
     +
     + # [DEBUG] write("PKGNET_REBUILD triggered", file = "~/thing.txt", append = TRUE)
     +
     + # record original libpaths in order to reset later.
     + # This should be unnecessary since tests are conducted within a seperate enviornment.
     + # It's done out of an abundance of caution.
     + origLibPaths <- .libPaths()
     +
     + # Set the pkgnet library for testing to a temp directory
     + Sys.setenv(PKGNET_TEST_LIB = tempdir())
     +
     + # Set the libpaths for testing.
     + # This has no effect to global libpaths since testing tests are conducted within a
     + # seperate enviornment.
     + .libPaths(
     + new = c(Sys.getenv('PKGNET_TEST_LIB'), origLibPaths)
     + )
     +
     + # Install Fake Packages - For local testing if not already installed
     + pkgnet:::.BuildTestLib(
     + targetLibPath = Sys.getenv('PKGNET_TEST_LIB')
     + )
     +
     + # [DEBUG] write(paste0("PKGNET_TEST_LIB: ", Sys.getenv('PKGNET_TEST_LIB')), file = "~/thing.txt", append = TRUE)
     + # [DEBUG] write(list.files(Sys.getenv('PKGNET_TEST_LIB'), recursive = TRUE), file = "~/thing.txt", append = TRUE)
     +
     +
     + }
     Warning: invalid package 'd:/Rcompile/CRANpkg/local/3.6/pkgnet.Rcheck/00_pkg_src/pkgnet//baseballstats'
     Warning: invalid package 'd:/Rcompile/CRANpkg/local/3.6/pkgnet.Rcheck/00_pkg_src/pkgnet//sartre'
     Warning: invalid package 'd:/Rcompile/CRANpkg/local/3.6/pkgnet.Rcheck/00_pkg_src/pkgnet//milne'
     Warning: invalid package 'd:/Rcompile/CRANpkg/local/3.6/pkgnet.Rcheck/00_pkg_src/pkgnet'
     Error: ERROR: no packages specified
     Warning: invalid package 'd:/Rcompile/CRANpkg/local/3.6/pkgnet.Rcheck/00_pkg_src/pkgnet//baseballstats'
     Warning: invalid package 'd:/Rcompile/CRANpkg/local/3.6/pkgnet.Rcheck/00_pkg_src/pkgnet//sartre'
     Warning: invalid package 'd:/Rcompile/CRANpkg/local/3.6/pkgnet.Rcheck/00_pkg_src/pkgnet//milne'
     Warning: invalid package 'd:/Rcompile/CRANpkg/local/3.6/pkgnet.Rcheck/00_pkg_src/pkgnet'
     Error: ERROR: no packages specified
     Error in pkgnet:::.BuildTestLib(targetLibPath = Sys.getenv("PKGNET_TEST_LIB")) :
     Installation of packages in .BuildTestLib failed! (exit code = 1)
    
     In addition: Warning message:
     In system(command = cmdstr, intern = TRUE) :
     running command '"D:/RCompile/recent/R/bin/x64/R" CMD INSTALL -l "D:\temp\RtmpyAr0HM" d:/Rcompile/CRANpkg/local/3.6/pkgnet.Rcheck/00_pkg_src/pkgnet//baseballstats d:/Rcompile/CRANpkg/local/3.6/pkgnet.Rcheck/00_pkg_src/pkgnet//sartre d:/Rcompile/CRANpkg/local/3.6/pkgnet.Rcheck/00_pkg_src/pkgnet//milne d:/Rcompile/CRANpkg/local/3.6/pkgnet.Rcheck/00_pkg_src/pkgnet' had status 1
     Execution halted
Flavor: r-devel-windows-ix86+x86_64

Version: 0.3.0
Check: tests
Result: ERROR
     Running ‘testthat.R’ [2s/2s]
    Running the tests in ‘tests/testthat.R’ failed.
    Complete output:
     > # Note that you would never run this file directly. This is used by tools::testInstallPackages()
     > # and other packages like covr.
     > # To actually run the tests, you need to set the working directory then run
     > # devtools::test('pkgnet')
     >
     > # This line ensures that R CMD check can run tests.
     > # See https://github.com/hadley/testthat/issues/144
     > Sys.setenv("R_TESTS" = "")
     >
     > # Check if setup and helper funs have been run.
     > # If in R CMD CHECK, they may not have been run yet.
     > Sys.setenv(PKGNET_REBUILD = identical(Sys.getenv('PKGNET_TEST_LIB'), ''))
     >
     > # If not yet run, rebuild
     > if (Sys.getenv('PKGNET_REBUILD')){
     + library(pkgnet)
     + ## ******************************************************************************************
     + ## THIS IS THIS SAME CONTENT as setup_setTestEnv.R but neccessary to paste here due to
     + ## travis checks.
     + ## ******************************************************************************************
     +
     + # [DEBUG] write("PKGNET_REBUILD triggered", file = "~/thing.txt", append = TRUE)
     +
     + # record original libpaths in order to reset later.
     + # This should be unnecessary since tests are conducted within a seperate enviornment.
     + # It's done out of an abundance of caution.
     + origLibPaths <- .libPaths()
     +
     + # Set the pkgnet library for testing to a temp directory
     + Sys.setenv(PKGNET_TEST_LIB = tempdir())
     +
     + # Set the libpaths for testing.
     + # This has no effect to global libpaths since testing tests are conducted within a
     + # seperate enviornment.
     + .libPaths(
     + new = c(Sys.getenv('PKGNET_TEST_LIB'), origLibPaths)
     + )
     +
     + # Install Fake Packages - For local testing if not already installed
     + pkgnet:::.BuildTestLib(
     + targetLibPath = Sys.getenv('PKGNET_TEST_LIB')
     + )
     +
     + # [DEBUG] write(paste0("PKGNET_TEST_LIB: ", Sys.getenv('PKGNET_TEST_LIB')), file = "~/thing.txt", append = TRUE)
     + # [DEBUG] write(list.files(Sys.getenv('PKGNET_TEST_LIB'), recursive = TRUE), file = "~/thing.txt", append = TRUE)
     +
     +
     + }
     Warning: invalid package ‘/home/hornik/tmp/R.check/r-patched-gcc/Work/PKGS/pkgnet.Rcheck/00_pkg_src/pkgnet//baseballstats’
     Warning: invalid package ‘/home/hornik/tmp/R.check/r-patched-gcc/Work/PKGS/pkgnet.Rcheck/00_pkg_src/pkgnet//sartre’
     Warning: invalid package ‘/home/hornik/tmp/R.check/r-patched-gcc/Work/PKGS/pkgnet.Rcheck/00_pkg_src/pkgnet//milne’
     Warning: invalid package ‘/home/hornik/tmp/R.check/r-patched-gcc/Work/PKGS/pkgnet.Rcheck/00_pkg_src/pkgnet’
     Error: ERROR: no packages specified
     Warning: invalid package ‘/home/hornik/tmp/R.check/r-patched-gcc/Work/PKGS/pkgnet.Rcheck/00_pkg_src/pkgnet//baseballstats’
     Warning: invalid package ‘/home/hornik/tmp/R.check/r-patched-gcc/Work/PKGS/pkgnet.Rcheck/00_pkg_src/pkgnet//sartre’
     Warning: invalid package ‘/home/hornik/tmp/R.check/r-patched-gcc/Work/PKGS/pkgnet.Rcheck/00_pkg_src/pkgnet//milne’
     Warning: invalid package ‘/home/hornik/tmp/R.check/r-patched-gcc/Work/PKGS/pkgnet.Rcheck/00_pkg_src/pkgnet’
     Error: ERROR: no packages specified
     Error in pkgnet:::.BuildTestLib(targetLibPath = Sys.getenv("PKGNET_TEST_LIB")) :
     Installation of packages in .BuildTestLib failed! (exit code = 1)
    
     In addition: Warning message:
     In system(command = cmdstr, intern = TRUE) :
     running command '"/home/hornik/tmp/R.check/r-patched-gcc/Work/build/bin/R" CMD INSTALL -l "/tmp/RtmprCv2Z1" /home/hornik/tmp/R.check/r-patched-gcc/Work/PKGS/pkgnet.Rcheck/00_pkg_src/pkgnet//baseballstats /home/hornik/tmp/R.check/r-patched-gcc/Work/PKGS/pkgnet.Rcheck/00_pkg_src/pkgnet//sartre /home/hornik/tmp/R.check/r-patched-gcc/Work/PKGS/pkgnet.Rcheck/00_pkg_src/pkgnet//milne /home/hornik/tmp/R.check/r-patched-gcc/Work/PKGS/pkgnet.Rcheck/00_pkg_src/pkgnet' had status 1
     Execution halted
Flavor: r-patched-linux-x86_64

Version: 0.3.0
Check: tests
Result: ERROR
     Running ‘testthat.R’
    Running the tests in ‘tests/testthat.R’ failed.
    Complete output:
     > # Note that you would never run this file directly. This is used by tools::testInstallPackages()
     > # and other packages like covr.
     > # To actually run the tests, you need to set the working directory then run
     > # devtools::test('pkgnet')
     >
     > # This line ensures that R CMD check can run tests.
     > # See https://github.com/hadley/testthat/issues/144
     > Sys.setenv("R_TESTS" = "")
     >
     > # Check if setup and helper funs have been run.
     > # If in R CMD CHECK, they may not have been run yet.
     > Sys.setenv(PKGNET_REBUILD = identical(Sys.getenv('PKGNET_TEST_LIB'), ''))
     >
     > # If not yet run, rebuild
     > if (Sys.getenv('PKGNET_REBUILD')){
     + library(pkgnet)
     + ## ******************************************************************************************
     + ## THIS IS THIS SAME CONTENT as setup_setTestEnv.R but neccessary to paste here due to
     + ## travis checks.
     + ## ******************************************************************************************
     +
     + # [DEBUG] write("PKGNET_REBUILD triggered", file = "~/thing.txt", append = TRUE)
     +
     + # record original libpaths in order to reset later.
     + # This should be unnecessary since tests are conducted within a seperate enviornment.
     + # It's done out of an abundance of caution.
     + origLibPaths <- .libPaths()
     +
     + # Set the pkgnet library for testing to a temp directory
     + Sys.setenv(PKGNET_TEST_LIB = tempdir())
     +
     + # Set the libpaths for testing.
     + # This has no effect to global libpaths since testing tests are conducted within a
     + # seperate enviornment.
     + .libPaths(
     + new = c(Sys.getenv('PKGNET_TEST_LIB'), origLibPaths)
     + )
     +
     + # Install Fake Packages - For local testing if not already installed
     + pkgnet:::.BuildTestLib(
     + targetLibPath = Sys.getenv('PKGNET_TEST_LIB')
     + )
     +
     + # [DEBUG] write(paste0("PKGNET_TEST_LIB: ", Sys.getenv('PKGNET_TEST_LIB')), file = "~/thing.txt", append = TRUE)
     + # [DEBUG] write(list.files(Sys.getenv('PKGNET_TEST_LIB'), recursive = TRUE), file = "~/thing.txt", append = TRUE)
     +
     +
     + }
     Warning: invalid package ‘/home/ripley/R/packages/tests32/pkgnet.Rcheck/00_pkg_src/pkgnet//baseballstats’
     Warning: invalid package ‘/home/ripley/R/packages/tests32/pkgnet.Rcheck/00_pkg_src/pkgnet//sartre’
     Warning: invalid package ‘/home/ripley/R/packages/tests32/pkgnet.Rcheck/00_pkg_src/pkgnet//milne’
     Warning: invalid package ‘/home/ripley/R/packages/tests32/pkgnet.Rcheck/00_pkg_src/pkgnet’
     Error: ERROR: no packages specified
     Warning: invalid package ‘/home/ripley/R/packages/tests32/pkgnet.Rcheck/00_pkg_src/pkgnet//baseballstats’
     Warning: invalid package ‘/home/ripley/R/packages/tests32/pkgnet.Rcheck/00_pkg_src/pkgnet//sartre’
     Warning: invalid package ‘/home/ripley/R/packages/tests32/pkgnet.Rcheck/00_pkg_src/pkgnet//milne’
     Warning: invalid package ‘/home/ripley/R/packages/tests32/pkgnet.Rcheck/00_pkg_src/pkgnet’
     Error: ERROR: no packages specified
     Error in pkgnet:::.BuildTestLib(targetLibPath = Sys.getenv("PKGNET_TEST_LIB")) :
     Installation of packages in .BuildTestLib failed! (exit code = 1)
    
     In addition: Warning message:
     In system(command = cmdstr, intern = TRUE) :
     running command '"/home/ripley/R/cc/bin/R" CMD INSTALL -l "/tmp/RtmpCZayuX" /home/ripley/R/packages/tests32/pkgnet.Rcheck/00_pkg_src/pkgnet//baseballstats /home/ripley/R/packages/tests32/pkgnet.Rcheck/00_pkg_src/pkgnet//sartre /home/ripley/R/packages/tests32/pkgnet.Rcheck/00_pkg_src/pkgnet//milne /home/ripley/R/packages/tests32/pkgnet.Rcheck/00_pkg_src/pkgnet' had status 1 and error message 'Illegal seek'
     Execution halted
Flavor: r-patched-solaris-x86

Version: 0.3.0
Check: re-building of vignette outputs
Result: WARN
    Error in re-building vignettes:
     ...
    Warning in engine$weave(file, quiet = quiet, encoding = enc) :
     Pandoc (>= 1.12.3) and/or pandoc-citeproc not available. Falling back to R Markdown v1.
    * installing *source* package ‘baseballstats’ ...
    ** R
    ** byte-compile and prepare package for lazy loading
    ** help
    *** installing help indices
    ** building package indices
    ** testing if installed package can be loaded
    * DONE (baseballstats)
    
    * installing *source* package ‘sartre’ ...
    ** R
    ** byte-compile and prepare package for lazy loading
    ** help
    *** installing help indices
    ** building package indices
    ** testing if installed package can be loaded
    * DONE (sartre)
    
    * installing *source* package ‘milne’ ...
    ** R
    ** byte-compile and prepare package for lazy loading
    ** help
    *** installing help indices
    ** building package indices
    ** testing if installed package can be loaded
    * DONE (milne)
    
    * installing *source* package ‘pkgnet’ ...
    ** package ‘pkgnet’ successfully unpacked and MD5 sums checked
    ** R
    ** inst
    ** byte-compile and prepare package for lazy loading
    ** help
    *** installing help indices
    ** building package indices
    ** installing vignettes
    ** testing if installed package can be loaded
    * DONE (pkgnet)
    Quitting from lines 77-113 (pkgnet-intro.Rmd)
    Error: processing vignette 'pkgnet-intro.Rmd' failed with diagnostics:
    there is no package called 'webshot'
    Execution halted
Flavor: r-patched-solaris-x86

Version: 0.3.0
Check: tests
Result: ERROR
     Running ‘testthat.R’ [2s/2s]
    Running the tests in ‘tests/testthat.R’ failed.
    Complete output:
     > # Note that you would never run this file directly. This is used by tools::testInstallPackages()
     > # and other packages like covr.
     > # To actually run the tests, you need to set the working directory then run
     > # devtools::test('pkgnet')
     >
     > # This line ensures that R CMD check can run tests.
     > # See https://github.com/hadley/testthat/issues/144
     > Sys.setenv("R_TESTS" = "")
     >
     > # Check if setup and helper funs have been run.
     > # If in R CMD CHECK, they may not have been run yet.
     > Sys.setenv(PKGNET_REBUILD = identical(Sys.getenv('PKGNET_TEST_LIB'), ''))
     >
     > # If not yet run, rebuild
     > if (Sys.getenv('PKGNET_REBUILD')){
     + library(pkgnet)
     + ## ******************************************************************************************
     + ## THIS IS THIS SAME CONTENT as setup_setTestEnv.R but neccessary to paste here due to
     + ## travis checks.
     + ## ******************************************************************************************
     +
     + # [DEBUG] write("PKGNET_REBUILD triggered", file = "~/thing.txt", append = TRUE)
     +
     + # record original libpaths in order to reset later.
     + # This should be unnecessary since tests are conducted within a seperate enviornment.
     + # It's done out of an abundance of caution.
     + origLibPaths <- .libPaths()
     +
     + # Set the pkgnet library for testing to a temp directory
     + Sys.setenv(PKGNET_TEST_LIB = tempdir())
     +
     + # Set the libpaths for testing.
     + # This has no effect to global libpaths since testing tests are conducted within a
     + # seperate enviornment.
     + .libPaths(
     + new = c(Sys.getenv('PKGNET_TEST_LIB'), origLibPaths)
     + )
     +
     + # Install Fake Packages - For local testing if not already installed
     + pkgnet:::.BuildTestLib(
     + targetLibPath = Sys.getenv('PKGNET_TEST_LIB')
     + )
     +
     + # [DEBUG] write(paste0("PKGNET_TEST_LIB: ", Sys.getenv('PKGNET_TEST_LIB')), file = "~/thing.txt", append = TRUE)
     + # [DEBUG] write(list.files(Sys.getenv('PKGNET_TEST_LIB'), recursive = TRUE), file = "~/thing.txt", append = TRUE)
     +
     +
     + }
     Warning: invalid package ‘/home/hornik/tmp/R.check/r-release-gcc/Work/PKGS/pkgnet.Rcheck/00_pkg_src/pkgnet//baseballstats’
     Warning: invalid package ‘/home/hornik/tmp/R.check/r-release-gcc/Work/PKGS/pkgnet.Rcheck/00_pkg_src/pkgnet//sartre’
     Warning: invalid package ‘/home/hornik/tmp/R.check/r-release-gcc/Work/PKGS/pkgnet.Rcheck/00_pkg_src/pkgnet//milne’
     Warning: invalid package ‘/home/hornik/tmp/R.check/r-release-gcc/Work/PKGS/pkgnet.Rcheck/00_pkg_src/pkgnet’
     Error: ERROR: no packages specified
     Warning: invalid package ‘/home/hornik/tmp/R.check/r-release-gcc/Work/PKGS/pkgnet.Rcheck/00_pkg_src/pkgnet//baseballstats’
     Warning: invalid package ‘/home/hornik/tmp/R.check/r-release-gcc/Work/PKGS/pkgnet.Rcheck/00_pkg_src/pkgnet//sartre’
     Warning: invalid package ‘/home/hornik/tmp/R.check/r-release-gcc/Work/PKGS/pkgnet.Rcheck/00_pkg_src/pkgnet//milne’
     Warning: invalid package ‘/home/hornik/tmp/R.check/r-release-gcc/Work/PKGS/pkgnet.Rcheck/00_pkg_src/pkgnet’
     Error: ERROR: no packages specified
     Error in pkgnet:::.BuildTestLib(targetLibPath = Sys.getenv("PKGNET_TEST_LIB")) :
     Installation of packages in .BuildTestLib failed! (exit code = 1)
    
     In addition: Warning message:
     In system(command = cmdstr, intern = TRUE) :
     running command '"/home/hornik/tmp/R.check/r-release-gcc/Work/build/bin/R" CMD INSTALL -l "/tmp/RtmpAL5ZUc" /home/hornik/tmp/R.check/r-release-gcc/Work/PKGS/pkgnet.Rcheck/00_pkg_src/pkgnet//baseballstats /home/hornik/tmp/R.check/r-release-gcc/Work/PKGS/pkgnet.Rcheck/00_pkg_src/pkgnet//sartre /home/hornik/tmp/R.check/r-release-gcc/Work/PKGS/pkgnet.Rcheck/00_pkg_src/pkgnet//milne /home/hornik/tmp/R.check/r-release-gcc/Work/PKGS/pkgnet.Rcheck/00_pkg_src/pkgnet' had status 1
     Execution halted
Flavor: r-release-linux-x86_64

Version: 0.3.0
Check: tests
Result: ERROR
     Running 'testthat.R' [3s]
    Running the tests in 'tests/testthat.R' failed.
    Complete output:
     > # Note that you would never run this file directly. This is used by tools::testInstallPackages()
     > # and other packages like covr.
     > # To actually run the tests, you need to set the working directory then run
     > # devtools::test('pkgnet')
     >
     > # This line ensures that R CMD check can run tests.
     > # See https://github.com/hadley/testthat/issues/144
     > Sys.setenv("R_TESTS" = "")
     >
     > # Check if setup and helper funs have been run.
     > # If in R CMD CHECK, they may not have been run yet.
     > Sys.setenv(PKGNET_REBUILD = identical(Sys.getenv('PKGNET_TEST_LIB'), ''))
     >
     > # If not yet run, rebuild
     > if (Sys.getenv('PKGNET_REBUILD')){
     + library(pkgnet)
     + ## ******************************************************************************************
     + ## THIS IS THIS SAME CONTENT as setup_setTestEnv.R but neccessary to paste here due to
     + ## travis checks.
     + ## ******************************************************************************************
     +
     + # [DEBUG] write("PKGNET_REBUILD triggered", file = "~/thing.txt", append = TRUE)
     +
     + # record original libpaths in order to reset later.
     + # This should be unnecessary since tests are conducted within a seperate enviornment.
     + # It's done out of an abundance of caution.
     + origLibPaths <- .libPaths()
     +
     + # Set the pkgnet library for testing to a temp directory
     + Sys.setenv(PKGNET_TEST_LIB = tempdir())
     +
     + # Set the libpaths for testing.
     + # This has no effect to global libpaths since testing tests are conducted within a
     + # seperate enviornment.
     + .libPaths(
     + new = c(Sys.getenv('PKGNET_TEST_LIB'), origLibPaths)
     + )
     +
     + # Install Fake Packages - For local testing if not already installed
     + pkgnet:::.BuildTestLib(
     + targetLibPath = Sys.getenv('PKGNET_TEST_LIB')
     + )
     +
     + # [DEBUG] write(paste0("PKGNET_TEST_LIB: ", Sys.getenv('PKGNET_TEST_LIB')), file = "~/thing.txt", append = TRUE)
     + # [DEBUG] write(list.files(Sys.getenv('PKGNET_TEST_LIB'), recursive = TRUE), file = "~/thing.txt", append = TRUE)
     +
     +
     + }
     Warning: invalid package 'd:/Rcompile/CRANpkg/local/3.5/pkgnet.Rcheck/00_pkg_src/pkgnet//baseballstats'
     Warning: invalid package 'd:/Rcompile/CRANpkg/local/3.5/pkgnet.Rcheck/00_pkg_src/pkgnet//sartre'
     Warning: invalid package 'd:/Rcompile/CRANpkg/local/3.5/pkgnet.Rcheck/00_pkg_src/pkgnet//milne'
     Warning: invalid package 'd:/Rcompile/CRANpkg/local/3.5/pkgnet.Rcheck/00_pkg_src/pkgnet'
     Error: ERROR: no packages specified
     In R CMD INSTALL
     Warning: invalid package 'd:/Rcompile/CRANpkg/local/3.5/pkgnet.Rcheck/00_pkg_src/pkgnet//baseballstats'
     Warning: invalid package 'd:/Rcompile/CRANpkg/local/3.5/pkgnet.Rcheck/00_pkg_src/pkgnet//sartre'
     Warning: invalid package 'd:/Rcompile/CRANpkg/local/3.5/pkgnet.Rcheck/00_pkg_src/pkgnet//milne'
     Warning: invalid package 'd:/Rcompile/CRANpkg/local/3.5/pkgnet.Rcheck/00_pkg_src/pkgnet'
     Error: ERROR: no packages specified
     In R CMD INSTALL
     Error in pkgnet:::.BuildTestLib(targetLibPath = Sys.getenv("PKGNET_TEST_LIB")) :
     Installation of packages in .BuildTestLib failed! (exit code = 1)
    
     In addition: Warning message:
     In system(command = cmdstr, intern = TRUE) :
     running command '"D:/RCompile/recent/R-35~1.2/bin/x64/R" CMD INSTALL -l "D:\temp\Rtmpgd7tzZ" d:/Rcompile/CRANpkg/local/3.5/pkgnet.Rcheck/00_pkg_src/pkgnet//baseballstats d:/Rcompile/CRANpkg/local/3.5/pkgnet.Rcheck/00_pkg_src/pkgnet//sartre d:/Rcompile/CRANpkg/local/3.5/pkgnet.Rcheck/00_pkg_src/pkgnet//milne d:/Rcompile/CRANpkg/local/3.5/pkgnet.Rcheck/00_pkg_src/pkgnet' had status 1
     Execution halted
Flavor: r-release-windows-ix86+x86_64

Version: 0.3.0
Check: tests
Result: ERROR
     Running ‘testthat.R’ [49s/35s]
    Running the tests in ‘tests/testthat.R’ failed.
    Last 13 lines of output:
     2: .RenderPackageReport(report_path = report_path, pkg_reporters = builtReporters, pkg_name = pkg_name)
     3: rmarkdown::render(system.file(file.path("package_report", "package_report.Rmd"),
     package = "pkgnet"), output_dir = dirname(report_path), output_file = basename(report_path),
     quiet = TRUE, params = list(reporters = pkg_reporters, pkg_name = pkg_name))
     4: pandoc_available(required_pandoc, error = TRUE)
     5: stop(paste(msg, collapse = " "), call. = FALSE)
    
     ══ testthat results ═══════════════════════════════════════════════════════════
     OK: 82 SKIPPED: 0 FAILED: 3
     1. Error: Test that CreatePackageReport Runs (@test-CreatePackageReport.R#22)
     2. Error: CreatePackageReports generates the expected tables (@test-CreatePackageReport.R#42)
     3. Error: CreatePackageReport respects report_path when explicitly given (@test-CreatePackageReport.R#115)
    
     Error: testthat unit tests failed
     Execution halted
Flavor: r-release-osx-x86_64

Version: 0.3.0
Check: re-building of vignette outputs
Result: WARN
    Error in re-building vignettes:
     ...
    * installing *source* package ‘milne’ ...
    ** R
    ** byte-compile and prepare package for lazy loading
    ** help
    *** installing help indices
    ** building package indices
    ** testing if installed package can be loaded
    * DONE (milne)
    
    * installing *source* package ‘pkgnet’ ...
    ** package ‘pkgnet’ successfully unpacked and MD5 sums checked
    ** R
    ** inst
    ** byte-compile and prepare package for lazy loading
    ** help
    *** installing help indices
    ** building package indices
    ** installing vignettes
    ** testing if installed package can be loaded
    * DONE (pkgnet)
    PhantomJS not found. You can install it with webshot::install_phantomjs(). If it is installed, please make sure the phantomjs executable can be found via the PATH variable.
    Quitting from lines 77-113 (pkgnet-intro.Rmd)
    Error: processing vignette 'pkgnet-intro.Rmd' failed with diagnostics:
    cannot open the connection
    Execution halted
Flavor: r-release-osx-x86_64

Version: 0.3.0
Check: tests
Result: ERROR
     Running 'testthat.R' [2s]
    Running the tests in 'tests/testthat.R' failed.
    Complete output:
     > # Note that you would never run this file directly. This is used by tools::testInstallPackages()
     > # and other packages like covr.
     > # To actually run the tests, you need to set the working directory then run
     > # devtools::test('pkgnet')
     >
     > # This line ensures that R CMD check can run tests.
     > # See https://github.com/hadley/testthat/issues/144
     > Sys.setenv("R_TESTS" = "")
     >
     > # Check if setup and helper funs have been run.
     > # If in R CMD CHECK, they may not have been run yet.
     > Sys.setenv(PKGNET_REBUILD = identical(Sys.getenv('PKGNET_TEST_LIB'), ''))
     >
     > # If not yet run, rebuild
     > if (Sys.getenv('PKGNET_REBUILD')){
     + library(pkgnet)
     + ## ******************************************************************************************
     + ## THIS IS THIS SAME CONTENT as setup_setTestEnv.R but neccessary to paste here due to
     + ## travis checks.
     + ## ******************************************************************************************
     +
     + # [DEBUG] write("PKGNET_REBUILD triggered", file = "~/thing.txt", append = TRUE)
     +
     + # record original libpaths in order to reset later.
     + # This should be unnecessary since tests are conducted within a seperate enviornment.
     + # It's done out of an abundance of caution.
     + origLibPaths <- .libPaths()
     +
     + # Set the pkgnet library for testing to a temp directory
     + Sys.setenv(PKGNET_TEST_LIB = tempdir())
     +
     + # Set the libpaths for testing.
     + # This has no effect to global libpaths since testing tests are conducted within a
     + # seperate enviornment.
     + .libPaths(
     + new = c(Sys.getenv('PKGNET_TEST_LIB'), origLibPaths)
     + )
     +
     + # Install Fake Packages - For local testing if not already installed
     + pkgnet:::.BuildTestLib(
     + targetLibPath = Sys.getenv('PKGNET_TEST_LIB')
     + )
     +
     + # [DEBUG] write(paste0("PKGNET_TEST_LIB: ", Sys.getenv('PKGNET_TEST_LIB')), file = "~/thing.txt", append = TRUE)
     + # [DEBUG] write(list.files(Sys.getenv('PKGNET_TEST_LIB'), recursive = TRUE), file = "~/thing.txt", append = TRUE)
     +
     +
     + }
     Warning: invalid package 'd:/Rcompile/CRANpkg/local/3.4/pkgnet.Rcheck/00_pkg_src/pkgnet//baseballstats'
     Warning: invalid package 'd:/Rcompile/CRANpkg/local/3.4/pkgnet.Rcheck/00_pkg_src/pkgnet//sartre'
     Warning: invalid package 'd:/Rcompile/CRANpkg/local/3.4/pkgnet.Rcheck/00_pkg_src/pkgnet//milne'
     Warning: invalid package 'd:/Rcompile/CRANpkg/local/3.4/pkgnet.Rcheck/00_pkg_src/pkgnet'
     Error: ERROR: no packages specified
     In R CMD INSTALL
     Warning: invalid package 'd:/Rcompile/CRANpkg/local/3.4/pkgnet.Rcheck/00_pkg_src/pkgnet//baseballstats'
     Warning: invalid package 'd:/Rcompile/CRANpkg/local/3.4/pkgnet.Rcheck/00_pkg_src/pkgnet//sartre'
     Warning: invalid package 'd:/Rcompile/CRANpkg/local/3.4/pkgnet.Rcheck/00_pkg_src/pkgnet//milne'
     Warning: invalid package 'd:/Rcompile/CRANpkg/local/3.4/pkgnet.Rcheck/00_pkg_src/pkgnet'
     Error: ERROR: no packages specified
     In R CMD INSTALL
     Error in pkgnet:::.BuildTestLib(targetLibPath = Sys.getenv("PKGNET_TEST_LIB")) :
     Installation of packages in .BuildTestLib failed! (exit code = 1)
    
     In addition: Warning messages:
     1: running command '"D:/RCompile/recent/R-34~1.4/bin/x64/R" CMD INSTALL -l "D:\temp\RtmpkXABxA" d:/Rcompile/CRANpkg/local/3.4/pkgnet.Rcheck/00_pkg_src/pkgnet//baseballstats d:/Rcompile/CRANpkg/local/3.4/pkgnet.Rcheck/00_pkg_src/pkgnet//sartre d:/Rcompile/CRANpkg/local/3.4/pkgnet.Rcheck/00_pkg_src/pkgnet//milne d:/Rcompile/CRANpkg/local/3.4/pkgnet.Rcheck/00_pkg_src/pkgnet' had status 1
     2: running command '"D:/RCompile/recent/R-34~1.4/bin/x64/R" CMD INSTALL -l "D:\temp\RtmpkXABxA" d:/Rcompile/CRANpkg/local/3.4/pkgnet.Rcheck/00_pkg_src/pkgnet//baseballstats d:/Rcompile/CRANpkg/local/3.4/pkgnet.Rcheck/00_pkg_src/pkgnet//sartre d:/Rcompile/CRANpkg/local/3.4/pkgnet.Rcheck/00_pkg_src/pkgnet//milne d:/Rcompile/CRANpkg/local/3.4/pkgnet.Rcheck/00_pkg_src/pkgnet' had status 1
     Execution halted
Flavor: r-oldrel-windows-ix86+x86_64

Version: 0.2.1
Check: dependencies in R code
Result: NOTE
    Namespaces in Imports field not imported from:
     ‘DT’ ‘covr’ ‘knitr’
     All declared Imports should be used.
Flavor: r-oldrel-osx-x86_64