CRAN Package Check Results for Package plotKML

Last updated on 2019-01-19 00:46:37 CET.

Flavor Version Tinstall Tcheck Ttotal Status Flags
r-devel-linux-x86_64-debian-clang 0.5-9 22.25 212.97 235.22 OK
r-devel-linux-x86_64-debian-gcc 0.5-9 18.78 170.67 189.45 OK
r-devel-linux-x86_64-fedora-clang 0.5-9 294.16 OK
r-devel-linux-x86_64-fedora-gcc 0.5-9 258.60 OK
r-devel-windows-ix86+x86_64 0.5-9 48.00 305.00 353.00 OK
r-patched-linux-x86_64 0.5-9 19.13 200.92 220.05 OK
r-patched-solaris-x86 0.5-9 405.00 OK
r-release-linux-x86_64 0.5-9 20.93 200.13 221.06 OK
r-release-windows-ix86+x86_64 0.5-9 49.00 283.00 332.00 OK
r-release-osx-x86_64 0.5-9 OK
r-oldrel-windows-ix86+x86_64 0.5-9 35.00 313.00 348.00 WARN
r-oldrel-osx-x86_64 0.5-8 NOTE

Check Details

Version: 0.5-9
Check: whether package can be installed
Result: WARN
    Found the following significant warnings:
     Warning: S3 methods '[.fun_list', '[.grouped_df', 'all.equal.tbl_df', 'anti_join.data.frame', 'anti_join.tbl_df', 'arrange.data.frame', 'arrange.default', 'arrange.grouped_df', 'arrange.tbl_df', 'arrange_.data.frame', 'arrange_.tbl_df', 'as.data.frame.grouped_df', 'as.data.frame.rowwise_df', 'as.data.frame.tbl_cube', 'as.table.tbl_cube', 'as.tbl.data.frame', 'as.tbl.tbl', 'as.tbl_cube.array', 'as.tbl_cube.data.frame', 'as.tbl_cube.matrix', 'as.tbl_cube.table', 'as_tibble.grouped_df', 'as_tibble.tbl_cube', 'auto_copy.tbl_cube', 'auto_copy.tbl_df', 'cbind.grouped_df', 'collapse.data.frame', 'collect.data.frame', 'common_by.NULL', 'common_by.character', 'common_by.default', 'common_by.list', 'compute.data.frame', 'copy_to.DBIConnection', 'copy_to.src_local', 'default_missing.data.frame', 'default_missing.default', 'dim.tbl_cube', 'distinct.data.frame', 'distinct.default', 'distinct.grouped_df', 'distinct.tbl_df', 'distinct_.data.frame', 'distinct_.grouped_df', 'distinct_.tbl_df', 'do.NULL', 'do.da [... truncated]
Flavor: r-oldrel-windows-ix86+x86_64

Version: 0.5-8
Check: re-building of vignette outputs
Result: NOTE
    Error in re-building vignettes:
     ...
    Saving an object of class 'gstatModel'...
    Subsetting observations to fit the prediction domain in 2D...
    Generating predictions using the trend model (RK method)...
    Running 5-fold cross validation using 'krige.cv'...
    Creating an object of class "SpatialPredictions"
    KML file opened for writing...
    Reprojecting to +proj=longlat +datum=WGS84 ...
    Writing to KML...
    Closing fmd_ST.kml
    Error in texi2dvi(file = file, pdf = TRUE, clean = clean, quiet = quiet, :
     Running 'texi2dvi' on 'jss1079.tex' failed.
    LaTeX errors:
    ! LaTeX Error: File `multirow.sty' not found.
    
    Type X to quit or <RETURN> to proceed,
    or enter new name. (Default extension: sty)
    
    ! Emergency stop.
    <read *>
    
    l.53 \usepackage
     {hyperref}^^M
    ! ==> Fatal error occurred, no output PDF file produced!
    Calls: buildVignettes -> texi2pdf -> texi2dvi
    Execution halted
Flavor: r-oldrel-osx-x86_64