Last updated on 2019-01-19 00:46:37 CET.
Flavor | Version | Tinstall | Tcheck | Ttotal | Status | Flags |
---|---|---|---|---|---|---|
r-devel-linux-x86_64-debian-clang | 0.1.0 | 8.42 | 56.54 | 64.96 | OK | |
r-devel-linux-x86_64-debian-gcc | 0.1.0 | 6.65 | 43.48 | 50.13 | OK | |
r-devel-linux-x86_64-fedora-clang | 0.1.0 | 74.81 | NOTE | |||
r-devel-linux-x86_64-fedora-gcc | 0.1.0 | 69.33 | NOTE | |||
r-devel-windows-ix86+x86_64 | 0.1.0 | 19.00 | 108.00 | 127.00 | OK | |
r-patched-linux-x86_64 | 0.1.0 | 5.53 | 52.28 | 57.81 | OK | |
r-patched-solaris-x86 | 0.1.0 | 99.30 | NOTE | |||
r-release-linux-x86_64 | 0.1.0 | 6.06 | 52.23 | 58.29 | OK | |
r-release-windows-ix86+x86_64 | 0.1.0 | 18.00 | 131.00 | 149.00 | OK | |
r-release-osx-x86_64 | 0.1.0 | NOTE | ||||
r-oldrel-windows-ix86+x86_64 | 0.1.0 | 13.00 | 68.00 | 81.00 | OK | |
r-oldrel-osx-x86_64 | 0.1.0 | NOTE |
Version: 0.1.0
Check: dependencies in R code
Result: NOTE
Namespaces in Imports field not imported from:
‘GGally’ ‘PKNCA’ ‘grid’ ‘magrittr’ ‘plyr’ ‘xpose’
All declared Imports should be used.
Flavors: r-devel-linux-x86_64-fedora-clang, r-devel-linux-x86_64-fedora-gcc, r-patched-solaris-x86, r-release-osx-x86_64, r-oldrel-osx-x86_64