Last updated on 2019-01-19 00:46:37 CET.
Flavor | Version | Tinstall | Tcheck | Ttotal | Status | Flags |
---|---|---|---|---|---|---|
r-devel-linux-x86_64-debian-clang | 1.0.18 | 407.41 | 953.05 | 1360.46 | OK | |
r-devel-linux-x86_64-debian-gcc | 1.0.18 | 313.17 | 676.31 | 989.48 | OK | |
r-devel-linux-x86_64-fedora-clang | 1.0.18 | 1918.91 | NOTE | |||
r-devel-linux-x86_64-fedora-gcc | 1.0.18 | 1796.42 | OK | |||
r-devel-windows-ix86+x86_64 | 1.0.18 | 775.00 | 906.00 | 1681.00 | NOTE | |
r-patched-linux-x86_64 | 1.0.18 | 337.68 | 860.62 | 1198.30 | OK | |
r-patched-solaris-x86 | 1.0.18 | 2084.80 | NOTE | |||
r-release-linux-x86_64 | 1.0.18 | 342.74 | 859.06 | 1201.80 | OK | |
r-release-windows-ix86+x86_64 | 1.0.18 | 715.00 | 871.00 | 1586.00 | NOTE | |
r-release-osx-x86_64 | 1.0.18 | NOTE | ||||
r-oldrel-windows-ix86+x86_64 | 1.0.18 | 18.00 | 977.00 | 995.00 | OK | |
r-oldrel-osx-x86_64 | 1.0.18 | OK |
Version: 1.0.18
Check: installed package size
Result: NOTE
installed size is 10.1Mb
sub-directories of 1Mb or more:
R 6.8Mb
data 2.5Mb
Flavors: r-devel-linux-x86_64-fedora-clang, r-devel-windows-ix86+x86_64, r-patched-solaris-x86, r-release-windows-ix86+x86_64, r-release-osx-x86_64