CRAN Package Check Results for Package portfolio.optimization

Last updated on 2019-01-19 00:46:38 CET.

Flavor Version Tinstall Tcheck Ttotal Status Flags
r-devel-linux-x86_64-debian-clang 1.0-0 3.73 461.00 464.73 OK
r-devel-linux-x86_64-debian-gcc 1.0-0 2.71 316.32 319.03 OK
r-devel-linux-x86_64-fedora-clang 1.0-0 451.01 OK
r-devel-linux-x86_64-fedora-gcc 1.0-0 400.56 OK
r-devel-windows-ix86+x86_64 1.0-0 96.00 453.00 549.00 OK
r-patched-linux-x86_64 1.0-0 3.64 420.76 424.40 OK
r-patched-solaris-x86 1.0-0 501.50 OK
r-release-linux-x86_64 1.0-0 3.56 414.62 418.18 OK
r-release-windows-ix86+x86_64 1.0-0 96.00 453.00 549.00 OK
r-release-osx-x86_64 1.0-0 OK
r-oldrel-osx-x86_64 1.0-0 ERROR

Check Details

Version: 1.0-0
Check: whether package can be installed
Result: ERROR
    Installation failed.
Flavor: r-oldrel-osx-x86_64