Last updated on 2019-01-19 00:46:38 CET.
Flavor | Version | Tinstall | Tcheck | Ttotal | Status | Flags |
---|---|---|---|---|---|---|
r-devel-linux-x86_64-debian-clang | 0.9.1 | 114.23 | 410.93 | 525.16 | OK | |
r-devel-linux-x86_64-debian-gcc | 0.9.1 | 102.82 | 308.94 | 411.76 | OK | |
r-devel-linux-x86_64-fedora-clang | 0.9.1 | 645.02 | NOTE | |||
r-devel-linux-x86_64-fedora-gcc | 0.9.1 | 601.08 | OK | |||
r-devel-windows-ix86+x86_64 | 0.9.1 | 286.00 | 893.00 | 1179.00 | OK | |
r-patched-linux-x86_64 | 0.9.1 | 133.34 | 385.02 | 518.36 | OK | |
r-patched-solaris-x86 | 0.9.1 | 783.50 | OK | |||
r-release-linux-x86_64 | 0.9.1 | 135.96 | 384.75 | 520.71 | OK | |
r-release-windows-ix86+x86_64 | 0.9.1 | 280.00 | 832.00 | 1112.00 | OK | |
r-release-osx-x86_64 | 0.9.1 | OK | ||||
r-oldrel-windows-ix86+x86_64 | 0.9.1 | 297.00 | 660.00 | 957.00 | OK | |
r-oldrel-osx-x86_64 | 0.9.1 | OK |
Version: 0.9.1
Check: installed package size
Result: NOTE
installed size is 6.9Mb
sub-directories of 1Mb or more:
doc 1.2Mb
libs 4.8Mb
Flavor: r-devel-linux-x86_64-fedora-clang