Last updated on 2019-01-19 00:46:38 CET.
Flavor | Version | Tinstall | Tcheck | Ttotal | Status | Flags |
---|---|---|---|---|---|---|
r-devel-linux-x86_64-debian-clang | 1.8.12 | 42.33 | 354.88 | 397.21 | OK | |
r-devel-linux-x86_64-debian-gcc | 1.8.12 | 38.45 | 261.86 | 300.31 | OK | |
r-devel-linux-x86_64-fedora-clang | 1.8.12 | 476.26 | NOTE | |||
r-devel-linux-x86_64-fedora-gcc | 1.8.12 | 430.64 | OK | |||
r-devel-windows-ix86+x86_64 | 1.8.12 | 77.00 | 453.00 | 530.00 | NOTE | |
r-patched-linux-x86_64 | 1.8.12 | 40.69 | 320.49 | 361.18 | OK | |
r-patched-solaris-x86 | 1.8.12 | 534.70 | NOTE | |||
r-release-linux-x86_64 | 1.8.12 | 40.81 | 319.87 | 360.68 | OK | |
r-release-windows-ix86+x86_64 | 1.8.12 | 70.00 | 392.00 | 462.00 | NOTE | |
r-release-osx-x86_64 | 1.8.12 | NOTE | ||||
r-oldrel-windows-ix86+x86_64 | 1.8.12 | 76.00 | 313.00 | 389.00 | NOTE | |
r-oldrel-osx-x86_64 | 1.8.10 | NOTE |
Version: 1.8.12
Check: installed package size
Result: NOTE
installed size is 6.4Mb
sub-directories of 1Mb or more:
R 1.8Mb
doc 2.4Mb
Flavors: r-devel-linux-x86_64-fedora-clang, r-devel-windows-ix86+x86_64, r-patched-solaris-x86, r-release-windows-ix86+x86_64, r-release-osx-x86_64, r-oldrel-windows-ix86+x86_64
Version: 1.8.10
Check: installed package size
Result: NOTE
installed size is 6.3Mb
sub-directories of 1Mb or more:
R 1.7Mb
doc 2.4Mb
Flavor: r-oldrel-osx-x86_64