CRAN Package Check Results for Package qcv

Last updated on 2019-01-19 00:46:39 CET.

Flavor Version Tinstall Tcheck Ttotal Status Flags
r-devel-linux-x86_64-debian-clang 1.0 0.94 18.91 19.85 OK
r-devel-linux-x86_64-debian-gcc 1.0 0.83 16.12 16.95 OK
r-devel-linux-x86_64-fedora-clang 1.0 23.48 OK
r-devel-linux-x86_64-fedora-gcc 1.0 22.22 OK
r-devel-windows-ix86+x86_64 1.0 3.00 52.00 55.00 OK
r-patched-linux-x86_64 1.0 1.04 17.59 18.63 OK
r-patched-solaris-x86 1.0 36.70 OK
r-release-linux-x86_64 1.0 0.90 17.36 18.26 OK
r-release-windows-ix86+x86_64 1.0 3.00 29.00 32.00 OK
r-release-osx-x86_64 1.0 OK
r-oldrel-osx-x86_64 1.0 ERROR

Check Details

Version: 1.0
Check: whether package can be installed
Result: ERROR
    Installation failed.
Flavor: r-oldrel-osx-x86_64