CRAN Package Check Results for Package quadprog

Last updated on 2019-01-19 00:46:39 CET.

Flavor Version Tinstall Tcheck Ttotal Status Flags
r-devel-linux-x86_64-debian-clang 1.5-5 2.77 18.84 21.61 NOTE
r-devel-linux-x86_64-debian-gcc 1.5-5 1.98 15.91 17.89 NOTE
r-devel-linux-x86_64-fedora-clang 1.5-5 25.93 NOTE
r-devel-linux-x86_64-fedora-gcc 1.5-5 24.48 NOTE
r-devel-windows-ix86+x86_64 1.5-5 12.00 52.00 64.00 NOTE
r-patched-linux-x86_64 1.5-5 2.39 17.46 19.85 NOTE
r-patched-solaris-x86 1.5-5 41.10 NOTE
r-release-linux-x86_64 1.5-5 2.49 17.27 19.76 NOTE
r-release-windows-ix86+x86_64 1.5-5 12.00 32.00 44.00 NOTE
r-release-osx-x86_64 1.5-5 NOTE
r-oldrel-windows-ix86+x86_64 1.5-5 12.00 45.00 57.00 NOTE
r-oldrel-osx-x86_64 1.5-5 NOTE

Check Details

Version: 1.5-5
Check: DESCRIPTION meta-information
Result: NOTE
    Malformed Title field: should not end in a period.
Flavors: r-devel-linux-x86_64-debian-clang, r-devel-linux-x86_64-debian-gcc, r-devel-linux-x86_64-fedora-clang, r-devel-linux-x86_64-fedora-gcc, r-devel-windows-ix86+x86_64, r-patched-linux-x86_64, r-patched-solaris-x86, r-release-linux-x86_64, r-release-windows-ix86+x86_64, r-release-osx-x86_64, r-oldrel-windows-ix86+x86_64, r-oldrel-osx-x86_64

Version: 1.5-5
Check: top-level files
Result: NOTE
    Non-standard files/directories found at top level:
     ‘LICENSE.GPL-2’ ‘LICENSE.GPL-3’
Flavors: r-devel-linux-x86_64-debian-clang, r-devel-linux-x86_64-debian-gcc, r-devel-linux-x86_64-fedora-clang, r-devel-linux-x86_64-fedora-gcc, r-patched-linux-x86_64, r-release-linux-x86_64