Last updated on 2019-01-19 00:46:39 CET.
Flavor | Version | Tinstall | Tcheck | Ttotal | Status | Flags |
---|---|---|---|---|---|---|
r-devel-linux-x86_64-debian-clang | 1.0.1 | 2.30 | 35.21 | 37.51 | NOTE | |
r-devel-linux-x86_64-debian-gcc | 1.0.1 | 1.79 | 28.08 | 29.87 | NOTE | |
r-devel-linux-x86_64-fedora-clang | 1.0.1 | 44.03 | NOTE | |||
r-devel-linux-x86_64-fedora-gcc | 1.0.1 | 41.23 | NOTE | |||
r-devel-windows-ix86+x86_64 | 1.0.1 | 7.00 | 65.00 | 72.00 | NOTE | |
r-patched-linux-x86_64 | 1.0.1 | 2.05 | 32.50 | 34.55 | NOTE | |
r-patched-solaris-x86 | 1.0.1 | 75.20 | NOTE | |||
r-release-linux-x86_64 | 1.0.1 | 1.92 | 32.37 | 34.29 | NOTE | |
r-release-windows-ix86+x86_64 | 1.0.1 | 7.00 | 85.00 | 92.00 | NOTE | |
r-release-osx-x86_64 | 1.0.1 | NOTE | ||||
r-oldrel-windows-ix86+x86_64 | 1.0.1 | 7.00 | 62.00 | 69.00 | NOTE | |
r-oldrel-osx-x86_64 | 1.0.1 | NOTE |
Version: 1.0.1
Check: DESCRIPTION meta-information
Result: NOTE
Malformed Description field: should contain one or more complete sentences.
Flavors: r-devel-linux-x86_64-debian-clang, r-devel-linux-x86_64-debian-gcc, r-devel-linux-x86_64-fedora-clang, r-devel-linux-x86_64-fedora-gcc, r-devel-windows-ix86+x86_64, r-patched-linux-x86_64, r-patched-solaris-x86, r-release-linux-x86_64, r-release-windows-ix86+x86_64, r-release-osx-x86_64, r-oldrel-windows-ix86+x86_64, r-oldrel-osx-x86_64
Version: 1.0.1
Check: R code for possible problems
Result: NOTE
get_ClinicalCodes: no visible global function definition for ‘read.csv’
get_ClinicalCodes : <anonymous>: no visible global function definition
for ‘read.csv’
Undefined global functions or variables:
read.csv
Consider adding
importFrom("utils", "read.csv")
to your NAMESPACE file.
Flavors: r-devel-linux-x86_64-debian-clang, r-devel-linux-x86_64-debian-gcc, r-devel-linux-x86_64-fedora-clang, r-devel-linux-x86_64-fedora-gcc, r-devel-windows-ix86+x86_64, r-patched-linux-x86_64, r-patched-solaris-x86, r-release-linux-x86_64, r-release-windows-ix86+x86_64, r-release-osx-x86_64, r-oldrel-windows-ix86+x86_64, r-oldrel-osx-x86_64