CRAN Package Check Results for Package rEDM

Last updated on 2019-01-19 00:46:40 CET.

Flavor Version Tinstall Tcheck Ttotal Status Flags
r-devel-linux-x86_64-debian-clang 0.7.2 75.01 96.12 171.13 OK
r-devel-linux-x86_64-debian-gcc 0.7.2 73.81 77.35 151.16 OK
r-devel-linux-x86_64-fedora-clang 0.7.2 239.83 NOTE
r-devel-linux-x86_64-fedora-gcc 0.7.2 224.89 OK
r-devel-windows-ix86+x86_64 0.7.2 195.00 195.00 390.00 OK
r-patched-linux-x86_64 0.7.2 87.24 89.77 177.01 OK
r-patched-solaris-x86 0.7.2 237.60 OK
r-release-linux-x86_64 0.7.2 90.74 89.19 179.93 OK
r-release-windows-ix86+x86_64 0.7.2 194.00 177.00 371.00 OK
r-release-osx-x86_64 0.7.2 NOTE
r-oldrel-windows-ix86+x86_64 0.7.2 199.00 145.00 344.00 OK
r-oldrel-osx-x86_64 0.7.2 NOTE

Check Details

Version: 0.7.2
Check: installed package size
Result: NOTE
     installed size is 19.4Mb
     sub-directories of 1Mb or more:
     doc 2.1Mb
     libs 17.0Mb
Flavors: r-devel-linux-x86_64-fedora-clang, r-release-osx-x86_64, r-oldrel-osx-x86_64